{"id":5266,"date":"2025-06-11T14:22:50","date_gmt":"2025-06-11T12:22:50","guid":{"rendered":"https:\/\/stolpersteine-mainz.de\/?page_id=5266"},"modified":"2025-06-11T14:22:51","modified_gmt":"2025-06-11T12:22:51","slug":"sali-margarete-levi","status":"publish","type":"page","link":"https:\/\/stolpersteine-mainz.de\/index.php\/stolpersteine-in-mainz\/biografien\/sali-margarete-levi\/","title":{"rendered":"Dr. Sali und Margarete Levi"},"content":{"rendered":"\n<br>\n\n\n\n<div class=\"wp-block-media-text is-stacked-on-mobile\" style=\"grid-template-columns:35% auto\"><figure class=\"wp-block-media-text__media\"><img loading=\"lazy\" decoding=\"async\" width=\"986\" height=\"1024\" src=\"https:\/\/stolpersteine-mainz.de\/wp-content\/uploads\/2025\/06\/Levi-Sali2-986x1024.jpg\" alt=\"\" class=\"wp-image-5267 size-full\" srcset=\"https:\/\/stolpersteine-mainz.de\/wp-content\/uploads\/2025\/06\/Levi-Sali2-986x1024.jpg 986w, https:\/\/stolpersteine-mainz.de\/wp-content\/uploads\/2025\/06\/Levi-Sali2-289x300.jpg 289w, https:\/\/stolpersteine-mainz.de\/wp-content\/uploads\/2025\/06\/Levi-Sali2-768x798.jpg 768w, https:\/\/stolpersteine-mainz.de\/wp-content\/uploads\/2025\/06\/Levi-Sali2-1479x1536.jpg 1479w, https:\/\/stolpersteine-mainz.de\/wp-content\/uploads\/2025\/06\/Levi-Sali2-1972x2048.jpg 1972w, https:\/\/stolpersteine-mainz.de\/wp-content\/uploads\/2025\/06\/Levi-Sali2-144x150.jpg 144w\" sizes=\"auto, (max-width: 986px) 100vw, 986px\" \/><\/figure><div class=\"wp-block-media-text__content\">\n<h3 class=\"wp-block-heading\">Dr. Sali Levi<\/h3>\n\n\n\n<ul class=\"wp-block-list\">\n<li>Am 2. November 1883 in Wiesloch geboren<\/li>\n\n\n\n<li>Am 25. April 1941 in Berlin gestorben<\/li>\n<\/ul>\n<\/div><\/div>\n\n\n\n<br>\n\n\n\n<div class=\"wp-block-media-text is-stacked-on-mobile\" style=\"grid-template-columns:35% auto\"><figure class=\"wp-block-media-text__media\"><img loading=\"lazy\" decoding=\"async\" width=\"991\" height=\"1024\" src=\"https:\/\/stolpersteine-mainz.de\/wp-content\/uploads\/2025\/06\/Levi-Margarete-991x1024.jpg\" alt=\"\" class=\"wp-image-5268 size-full\" srcset=\"https:\/\/stolpersteine-mainz.de\/wp-content\/uploads\/2025\/06\/Levi-Margarete-991x1024.jpg 991w, https:\/\/stolpersteine-mainz.de\/wp-content\/uploads\/2025\/06\/Levi-Margarete-290x300.jpg 290w, https:\/\/stolpersteine-mainz.de\/wp-content\/uploads\/2025\/06\/Levi-Margarete-768x793.jpg 768w, https:\/\/stolpersteine-mainz.de\/wp-content\/uploads\/2025\/06\/Levi-Margarete-1487x1536.jpg 1487w, https:\/\/stolpersteine-mainz.de\/wp-content\/uploads\/2025\/06\/Levi-Margarete-1983x2048.jpg 1983w, https:\/\/stolpersteine-mainz.de\/wp-content\/uploads\/2025\/06\/Levi-Margarete-145x150.jpg 145w\" sizes=\"auto, (max-width: 991px) 100vw, 991px\" \/><\/figure><div class=\"wp-block-media-text__content\">\n<h3 class=\"wp-block-heading\">Margarete Levi, geb. Weissmann<\/h3>\n\n\n\n<ul class=\"wp-block-list\">\n<li>1886 geboren<\/li>\n\n\n\n<li>floh quer durch Europa in die USA<\/li>\n\n\n\n<li>Im Dezember 1960 in den USA gestorben<\/li>\n<\/ul>\n<\/div><\/div>\n\n\n\n<br>\n\n\n\n<p>Sali Levi wurde am 2. November 1883 als Sohn eines Kaufmanns im badischen Wiesloch geboren. Nach dem Abitur entschloss er sich zu einem Rabbinerstudium. 1902 trat er in das J\u00fcdisch-Theologische Seminar in Breslau ein, studierte daneben Philosophie und promovierte 1906 in Erlangen. Noch vor Abschluss der Rabbiner\u00adausbildung wurde er 1909 als zweiter Rabbiner an die neue Synagoge in Breslau berufen. Er heiratete Margarete Weissmann, die aus einer k\u00fcnstlerisch orientierten Kaufmannsfamilie stammte. Sie war eine begabte Pianistin, die bereits in jungen Jahren in Breslauer Konzerts\u00e4len auftrat. Nach der Eheschlie\u00dfung gab sie ihre musikalische Karriere auf. Die ersten beiden Kinder, Hilde und Hans, wurden in Breslau geboren, die j\u00fcngste Tochter Ruth sp\u00e4ter 1920 in Mainz.<\/p>\n\n\n\n<p>Im Ersten Weltkrieg meldete sich Sali Levi freiwillig und tat Dienst als Feldrabbiner. Im Sommer 1918 wurde er als Nachfolger von Prof. Siegmund Salfeld auf die Rabbinerstelle an der reformierten Synagoge in Mainz berufen. Levi erwarb sich schnell die Anerkennung der Gemeinde und der \u00d6ffentlichkeit und war ein gesch\u00e4tzter Redner. So bat man ihn, 1929 zum zehnten Jahrestag der Weimarer Verfassung die Festrede vor mehreren tausend G\u00e4sten in der Mainzer Stadthalle zu halten. Er wirkte in vielen wichtigen j\u00fcdischen und nichtj\u00fcdischen Organisationen mit, war einer der Mitgr\u00fcnder der Mainzer Volkshochschule und er\u00f6ffnete 1926 den Denkmalfriedhof auf dem Alten j\u00fcdischen Friedhof sowie das Museum f\u00fcr j\u00fcdische Altert\u00fcmer in einem Anbau der Synagoge in der Hindenburgstra\u00dfe.<\/p>\n\n\n\n<br>\n\n\n<div class=\"wp-block-image is-style-zoooom\">\n<figure class=\"aligncenter size-large is-resized\"><img loading=\"lazy\" decoding=\"async\" width=\"1024\" height=\"930\" src=\"https:\/\/stolpersteine-mainz.de\/wp-content\/uploads\/2025\/06\/Sali-Levi-Denkmalfriedhof_Stadtarchiv_Mainz-1024x930.jpg\" alt=\"\" class=\"wp-image-5270\" style=\"width:700px\" srcset=\"https:\/\/stolpersteine-mainz.de\/wp-content\/uploads\/2025\/06\/Sali-Levi-Denkmalfriedhof_Stadtarchiv_Mainz-1024x930.jpg 1024w, https:\/\/stolpersteine-mainz.de\/wp-content\/uploads\/2025\/06\/Sali-Levi-Denkmalfriedhof_Stadtarchiv_Mainz-300x272.jpg 300w, https:\/\/stolpersteine-mainz.de\/wp-content\/uploads\/2025\/06\/Sali-Levi-Denkmalfriedhof_Stadtarchiv_Mainz-768x697.jpg 768w, https:\/\/stolpersteine-mainz.de\/wp-content\/uploads\/2025\/06\/Sali-Levi-Denkmalfriedhof_Stadtarchiv_Mainz-1536x1395.jpg 1536w, https:\/\/stolpersteine-mainz.de\/wp-content\/uploads\/2025\/06\/Sali-Levi-Denkmalfriedhof_Stadtarchiv_Mainz-150x136.jpg 150w, https:\/\/stolpersteine-mainz.de\/wp-content\/uploads\/2025\/06\/Sali-Levi-Denkmalfriedhof_Stadtarchiv_Mainz.jpg 1904w\" sizes=\"auto, (max-width: 1024px) 100vw, 1024px\" \/><figcaption class=\"wp-element-caption\">Rabbiner Dr. Sali Levi bei der Er\u00f6ffnung des J\u00fcdischen Denkmalfriedhofs (\u00a9 Stadtarchiv Mainz)<\/figcaption><\/figure>\n<\/div>\n\n\n<br>\n\n\n\n<p>Nach der Macht\u00fcbernahme durch die Nationalsozialisten versuchte er seine Gemeinde so gut wie m\u00f6glich zu sch\u00fctzen und verstand es, geschickt mit Vertretern der Gestapo und anderer NS-Dienststellen zu verhandeln. 1934 richtete er mit Genehmigung der Schulbeh\u00f6rde die J\u00fcdische Bezirksschule Mainz ein, in der die Kinder eine beh\u00fctete Schulzeit verbringen konnten und auf die Emigration vorbereitet wurden.<\/p>\n\n\n<div class=\"wp-block-image is-style-zoooom\">\n<figure class=\"alignleft size-full is-resized\"><img loading=\"lazy\" decoding=\"async\" width=\"669\" height=\"896\" src=\"https:\/\/stolpersteine-mainz.de\/wp-content\/uploads\/2025\/06\/Dr.-Sali-Levi-Bild_USHMM.jpg\" alt=\"\" class=\"wp-image-5271\" style=\"width:300px\" srcset=\"https:\/\/stolpersteine-mainz.de\/wp-content\/uploads\/2025\/06\/Dr.-Sali-Levi-Bild_USHMM.jpg 669w, https:\/\/stolpersteine-mainz.de\/wp-content\/uploads\/2025\/06\/Dr.-Sali-Levi-Bild_USHMM-224x300.jpg 224w, https:\/\/stolpersteine-mainz.de\/wp-content\/uploads\/2025\/06\/Dr.-Sali-Levi-Bild_USHMM-112x150.jpg 112w\" sizes=\"auto, (max-width: 669px) 100vw, 669px\" \/><figcaption class=\"wp-element-caption\">\u00a9 USHMM<\/figcaption><\/figure>\n<\/div>\n\n\n<p>Von einem Besuch ihrer Kinder Hans und Ruth in den USA Anfang 1939 kehrte das Ehepaar Levi nach Mainz zur\u00fcck, da der Rabbiner seine Gemeinde nicht im Stich lassen wollte. Nach Kriegsbeginn, mit der zunehmenden Ausgrenzung und Verfolgung der Juden und ihrer Konzentration in \u201eJudenh\u00e4usern\u201c, wurden die Anforderungen an Sali Levi immer gr\u00f6\u00dfer. Zuletzt musste er zus\u00e4tzlich die Gemeinden in Darmstadt, Worms, Bingen und Gie\u00dfen betreuen. Die hohe Arbeitsbelastung und die st\u00e4ndigen Schikanen der Gestapo zehrten an seinen Kr\u00e4ften. Erst jetzt entschloss er sich, mit seiner Frau Deutschland zu verlassen. Die j\u00fcdische Gemeinde in Brooklyn hatte ihm eine Rabbinerstelle angeboten. Das Ehepaar reiste Ende M\u00e4rz 1941 nach Berlin, da Juden zu dieser Zeit die Ausreiseformalit\u00e4ten nur noch dort abwickeln konnten. Die lange Wartezeit auf die Papiere war zerm\u00fcrbend. Am 25. April 1941 erlitt Sali Levi einen Herzanfall und starb. Er wurde von Rabbiner Dr. Leo Baeck auf dem j\u00fcdischen Friedhof Wei\u00dfensee bestattet. Margarete Levi musste alleine nach einer Zugfahrt in verplombten Waggons quer durch Europa von Lissabon aus die Schiffsfahrt \u00fcber den Atlantik antreten. Sie lebte zun\u00e4chst in New York, sp\u00e4ter in Kalifornien in der N\u00e4he ihrer Kinder und starb im Dezember 1960.<\/p>\n\n\n\n<br>\n\n\n\n<br>\n\n\n<div class=\"wp-block-image is-style-zoooom\">\n<figure class=\"aligncenter size-large is-resized\"><img loading=\"lazy\" decoding=\"async\" width=\"768\" height=\"1024\" src=\"https:\/\/stolpersteine-mainz.de\/wp-content\/uploads\/2025\/06\/IMG_2810-768x1024.jpg\" alt=\"\" class=\"wp-image-5272\" style=\"width:700px\" srcset=\"https:\/\/stolpersteine-mainz.de\/wp-content\/uploads\/2025\/06\/IMG_2810-768x1024.jpg 768w, https:\/\/stolpersteine-mainz.de\/wp-content\/uploads\/2025\/06\/IMG_2810-225x300.jpg 225w, https:\/\/stolpersteine-mainz.de\/wp-content\/uploads\/2025\/06\/IMG_2810-1152x1536.jpg 1152w, https:\/\/stolpersteine-mainz.de\/wp-content\/uploads\/2025\/06\/IMG_2810-113x150.jpg 113w, https:\/\/stolpersteine-mainz.de\/wp-content\/uploads\/2025\/06\/IMG_2810.jpg 1512w\" sizes=\"auto, (max-width: 768px) 100vw, 768px\" \/><figcaption class=\"wp-element-caption\">Grabstein f\u00fcr Dr. Sali Levi (\u00a9 privat)<\/figcaption><\/figure>\n<\/div>\n\n\n<br>\n\n\n<div class=\"wp-block-image is-style-zoooom\">\n<figure class=\"aligncenter size-large is-resized\"><img loading=\"lazy\" decoding=\"async\" width=\"1024\" height=\"683\" src=\"https:\/\/stolpersteine-mainz.de\/wp-content\/uploads\/2025\/06\/Levi-Fam-1024x683.jpg\" alt=\"\" class=\"wp-image-5273\" style=\"width:700px\" srcset=\"https:\/\/stolpersteine-mainz.de\/wp-content\/uploads\/2025\/06\/Levi-Fam-1024x683.jpg 1024w, https:\/\/stolpersteine-mainz.de\/wp-content\/uploads\/2025\/06\/Levi-Fam-300x200.jpg 300w, https:\/\/stolpersteine-mainz.de\/wp-content\/uploads\/2025\/06\/Levi-Fam-768x512.jpg 768w, https:\/\/stolpersteine-mainz.de\/wp-content\/uploads\/2025\/06\/Levi-Fam-1536x1024.jpg 1536w, https:\/\/stolpersteine-mainz.de\/wp-content\/uploads\/2025\/06\/Levi-Fam-2048x1365.jpg 2048w, https:\/\/stolpersteine-mainz.de\/wp-content\/uploads\/2025\/06\/Levi-Fam-150x100.jpg 150w\" sizes=\"auto, (max-width: 1024px) 100vw, 1024px\" \/><\/figure>\n<\/div>\n\n\n<br>\n\n\n\n<br>\n\n\n\n<p>Text: Dr. Hedwig Br\u00fcchert<\/p>\n\n\n\n<p>Redaktionelle Bearbeitung: HdE<\/p>\n\n\n\n<hr class=\"wp-block-separator has-alpha-channel-opacity\"\/>\n\n\n\n<br>\n\n\n\n<div class=\"wp-block-columns is-layout-flex wp-container-core-columns-is-layout-9d6595d7 wp-block-columns-is-layout-flex\">\n<div class=\"wp-block-column is-layout-flow wp-block-column-is-layout-flow\">\n<figure class=\"wp-block-image size-large is-resized\"><img loading=\"lazy\" decoding=\"async\" width=\"683\" height=\"1024\" src=\"https:\/\/stolpersteine-mainz.de\/wp-content\/uploads\/2025\/06\/Levi-Haus-683x1024.jpg\" alt=\"\" class=\"wp-image-5274\" style=\"width:350px\" srcset=\"https:\/\/stolpersteine-mainz.de\/wp-content\/uploads\/2025\/06\/Levi-Haus-683x1024.jpg 683w, https:\/\/stolpersteine-mainz.de\/wp-content\/uploads\/2025\/06\/Levi-Haus-200x300.jpg 200w, https:\/\/stolpersteine-mainz.de\/wp-content\/uploads\/2025\/06\/Levi-Haus-768x1152.jpg 768w, https:\/\/stolpersteine-mainz.de\/wp-content\/uploads\/2025\/06\/Levi-Haus-1024x1536.jpg 1024w, https:\/\/stolpersteine-mainz.de\/wp-content\/uploads\/2025\/06\/Levi-Haus-1365x2048.jpg 1365w, https:\/\/stolpersteine-mainz.de\/wp-content\/uploads\/2025\/06\/Levi-Haus-100x150.jpg 100w, https:\/\/stolpersteine-mainz.de\/wp-content\/uploads\/2025\/06\/Levi-Haus-scaled.jpg 1707w\" sizes=\"auto, (max-width: 683px) 100vw, 683px\" \/><\/figure>\n\n\n\n<p><br>Die Stolpersteine wurden am 6. Juli 2020 in der Hindenburgstra\u00dfe 47 verlegt. <\/p>\n<\/div>\n\n\n\n<div class=\"wp-block-column is-layout-flow wp-block-column-is-layout-flow\">\n<iframe src=\"https:\/\/www.google.com\/maps\/embed?pb=!1m18!1m12!1m3!1d5128.299760726558!2d8.25589297690209!3d50.00854591908297!2m3!1f0!2f0!3f0!3m2!1i1024!2i768!4f13.1!3m3!1m2!1s0x47bd96f97a95d20f%3A0x86957c1142a03dba!2sHindenburgstra%C3%9Fe%2047%2C%2055118%20Mainz!5e0!3m2!1sde!2sde!4v1749637583209!5m2!1sde!2sde\" width=\"600\" height=\"450\" style=\"border:0;\" allowfullscreen=\"\" loading=\"lazy\" referrerpolicy=\"no-referrer-when-downgrade\"><\/iframe>\n<\/div>\n<\/div>\n\n\n\n<p><\/p>\n","protected":false},"excerpt":{"rendered":"<p>Sali Levi wurde am 2. November 1883 als Sohn eines Kaufmanns im badischen Wiesloch geboren. Nach dem Abitur entschloss er sich zu einem Rabbinerstudium. 1902 trat er in das J\u00fcdisch-Theologische Seminar in Breslau ein, studierte daneben Philosophie und promovierte 1906 in Erlangen. Noch vor Abschluss der Rabbiner\u00adausbildung wurde er 1909&#8230;<\/p>\n<p> <a class=\"continue-reading-link\" href=\"https:\/\/stolpersteine-mainz.de\/index.php\/stolpersteine-in-mainz\/biografien\/sali-margarete-levi\/\"><span>mehr Infos<\/span><i class=\"crycon-right-dir\"><\/i><\/a> <\/p>\n","protected":false},"author":2,"featured_media":0,"parent":104,"menu_order":0,"comment_status":"closed","ping_status":"closed","template":"","meta":{"ngg_post_thumbnail":0,"footnotes":""},"class_list":["post-5266","page","type-page","status-publish","hentry"],"_links":{"self":[{"href":"https:\/\/stolpersteine-mainz.de\/index.php\/wp-json\/wp\/v2\/pages\/5266","targetHints":{"allow":["GET"]}}],"collection":[{"href":"https:\/\/stolpersteine-mainz.de\/index.php\/wp-json\/wp\/v2\/pages"}],"about":[{"href":"https:\/\/stolpersteine-mainz.de\/index.php\/wp-json\/wp\/v2\/types\/page"}],"author":[{"embeddable":true,"href":"https:\/\/stolpersteine-mainz.de\/index.php\/wp-json\/wp\/v2\/users\/2"}],"replies":[{"embeddable":true,"href":"https:\/\/stolpersteine-mainz.de\/index.php\/wp-json\/wp\/v2\/comments?post=5266"}],"version-history":[{"count":9,"href":"https:\/\/stolpersteine-mainz.de\/index.php\/wp-json\/wp\/v2\/pages\/5266\/revisions"}],"predecessor-version":[{"id":5282,"href":"https:\/\/stolpersteine-mainz.de\/index.php\/wp-json\/wp\/v2\/pages\/5266\/revisions\/5282"}],"up":[{"embeddable":true,"href":"https:\/\/stolpersteine-mainz.de\/index.php\/wp-json\/wp\/v2\/pages\/104"}],"wp:attachment":[{"href":"https:\/\/stolpersteine-mainz.de\/index.php\/wp-json\/wp\/v2\/media?parent=5266"}],"curies":[{"name":"wp","href":"https:\/\/api.w.org\/{rel}","templated":true}]}}