{"id":5,"date":"2020-02-14T14:33:06","date_gmt":"2020-02-14T13:33:06","guid":{"rendered":"https:\/\/stolpersteine-mainz.de\/?page_id=5"},"modified":"2022-08-22T15:40:22","modified_gmt":"2022-08-22T13:40:22","slug":"stolpersteine-in-mainz","status":"publish","type":"page","link":"https:\/\/stolpersteine-mainz.de\/index.php\/stolpersteine-in-mainz\/","title":{"rendered":"Stolpersteine in Mainz"},"content":{"rendered":"\n<br>\n\n\n\n<p>Stolpersteine sind zentraler Bestandteil der Mainzer Erinnerungskultur. Vor dem letzten frei gew\u00e4hlten Wohnsitz der Opfer der nationalsozialistischen Diktatur halten die mit einer Messingplatte versehenen Steine die Erinnerung an diese Menschen wach. 2007 wurden in der Landeshauptstadt Mainz die ersten Stolpersteine verlegt. Sie erinnern in der Breidenbacherstra\u00dfe 19 in der Mainzer Altstadt an die Familie Cantor. Bislang wurden bereits \u00fcber 280 Stolpersteine in Mainz (inklusive Mainz-Kastel) verlegt. Die Verlegungen finden ausschlie\u00dflich auf private Initiative in Zusammenarbeit mit der Landeshauptstadt Mainz statt. Es handelt sich hierbei um ein fortlaufendes Projekt, sodass k\u00fcnftig noch weitere Steine hinzukommen werden.<\/p>\n\n\n\n<p>Diese Homepage, die in Zusammenarbeit des Hauses des Erinnerns \u2013 f\u00fcr Demokratie und Akzeptanz Mainz mit dem Verein f\u00fcr Sozialgeschichte Mainz e. V. entstanden ist, stellt eine Erweiterung der Mainzer Erinnerungskultur dar. Hier werden im digitalen Raum neben den Lebensdaten und Stationen der Leidenswege auch die Biografien der Opfer vorgestellt. Erg\u00e4nzt um historisches Material, wie Bilder, Dokumente und Zeitungsartikel, sollen durch die hier dargestellten Biografien, die Gesichter und Schicksale hinter den Stolpersteinen sichtbar gemacht werden.<\/p>\n\n\n\n<p>In diesem Video erkl\u00e4ren wir das Projekt sowie den Aufbau dieser Homepage. <\/p>\n\n\n\n<figure class=\"wp-block-embed is-type-video is-provider-youtube wp-block-embed-youtube wp-embed-aspect-16-9 wp-has-aspect-ratio\"><div class=\"wp-block-embed__wrapper\">\n<iframe loading=\"lazy\" title=\"Mainzer Erinnerungskultur \u2013 Die neue Stolperstein-Homepage\" width=\"900\" height=\"506\" src=\"https:\/\/www.youtube.com\/embed\/FI6VleoELBM?feature=oembed\" frameborder=\"0\" allow=\"accelerometer; autoplay; clipboard-write; encrypted-media; gyroscope; picture-in-picture\" allowfullscreen><\/iframe>\n<\/div><\/figure>\n\n\n\n<p class=\"has-small-font-size\"><sup><a href=\"https:\/\/www.musicfox.com\/info\/kostenlose-gemafreie-musik.php\">Gemafreie Musik von musicfox<\/a>: Afternoon Highway<\/sup><\/p>\n\n\n\n<p>Video und Ton: Dr. Cornelia Dold<\/p>\n","protected":false},"excerpt":{"rendered":"<p>Stolpersteine sind zentraler Bestandteil der Mainzer Erinnerungskultur. Vor dem letzten frei gew\u00e4hlten Wohnsitz der Opfer der nationalsozialistischen Diktatur halten die mit einer Messingplatte versehenen Steine die Erinnerung an diese Menschen wach. 2007 wurden in der Landeshauptstadt Mainz die ersten Stolpersteine verlegt. Sie erinnern in der Breidenbacherstra\u00dfe 19 in der Mainzer&#8230;<\/p>\n<p> <a class=\"continue-reading-link\" href=\"https:\/\/stolpersteine-mainz.de\/index.php\/stolpersteine-in-mainz\/\"><span>mehr Infos<\/span><i class=\"crycon-right-dir\"><\/i><\/a> <\/p>\n","protected":false},"author":1,"featured_media":0,"parent":0,"menu_order":0,"comment_status":"closed","ping_status":"closed","template":"","meta":{"ngg_post_thumbnail":0,"footnotes":""},"class_list":["post-5","page","type-page","status-publish","hentry"],"_links":{"self":[{"href":"https:\/\/stolpersteine-mainz.de\/index.php\/wp-json\/wp\/v2\/pages\/5","targetHints":{"allow":["GET"]}}],"collection":[{"href":"https:\/\/stolpersteine-mainz.de\/index.php\/wp-json\/wp\/v2\/pages"}],"about":[{"href":"https:\/\/stolpersteine-mainz.de\/index.php\/wp-json\/wp\/v2\/types\/page"}],"author":[{"embeddable":true,"href":"https:\/\/stolpersteine-mainz.de\/index.php\/wp-json\/wp\/v2\/users\/1"}],"replies":[{"embeddable":true,"href":"https:\/\/stolpersteine-mainz.de\/index.php\/wp-json\/wp\/v2\/comments?post=5"}],"version-history":[{"count":5,"href":"https:\/\/stolpersteine-mainz.de\/index.php\/wp-json\/wp\/v2\/pages\/5\/revisions"}],"predecessor-version":[{"id":3355,"href":"https:\/\/stolpersteine-mainz.de\/index.php\/wp-json\/wp\/v2\/pages\/5\/revisions\/3355"}],"wp:attachment":[{"href":"https:\/\/stolpersteine-mainz.de\/index.php\/wp-json\/wp\/v2\/media?parent=5"}],"curies":[{"name":"wp","href":"https:\/\/api.w.org\/{rel}","templated":true}]}}