{"id":4593,"date":"2025-02-25T14:02:07","date_gmt":"2025-02-25T13:02:07","guid":{"rendered":"https:\/\/stolpersteine-mainz.de\/?page_id=4593"},"modified":"2025-02-25T14:02:08","modified_gmt":"2025-02-25T13:02:08","slug":"familie-vogel","status":"publish","type":"page","link":"https:\/\/stolpersteine-mainz.de\/index.php\/stolpersteine-in-mainz\/biografien\/familie-vogel\/","title":{"rendered":"Familie Vogel"},"content":{"rendered":"\n<br>\n\n\n\n<div class=\"wp-block-columns is-layout-flex wp-container-core-columns-is-layout-9d6595d7 wp-block-columns-is-layout-flex\">\n<div class=\"wp-block-column is-layout-flow wp-block-column-is-layout-flow\">\n<h2 class=\"wp-block-heading\">Albert Leopold Vogel<\/h2>\n\n\n\n<ul class=\"wp-block-list\">\n<li>geboren am 4. Juni 1882 in Kempten<\/li>\n\n\n\n<li>ermordet 1943 vermutlich in Treblinka<\/li>\n<\/ul>\n\n\n\n<h2 class=\"wp-block-heading\">Marie Vogel, geb. Eisenmann<\/h2>\n\n\n\n<ul class=\"wp-block-list\">\n<li>geboren am 26. Januar 1895 in N\u00f6rdlingen<\/li>\n\n\n\n<li>ermordet 1943, vermutlich in Treblinka<\/li>\n<\/ul>\n<\/div>\n<\/div>\n\n\n\n<h2 class=\"wp-block-heading\">Margaret Irma Alexander, geb. Vogel<\/h2>\n\n\n\n<ul class=\"wp-block-list\">\n<li>geboren am 13. Januar 1922 in Mainz<\/li>\n\n\n\n<li>gestorben am 1. November 2002 in England<\/li>\n<\/ul>\n\n\n\n<h2 class=\"wp-block-heading\">Lotte (Yael) Frieda Avner, geb. Vogel<\/h2>\n\n\n\n<ul class=\"wp-block-list\">\n<li>geboren am 13. Januar 1922 in Mainz<\/li>\n\n\n\n<li>gestorben am 1. Dezember 2015 in Israel<\/li>\n<\/ul>\n\n\n\n<h2 class=\"wp-block-heading\">Susanne Babette Hacohen, geb. Vogel<\/h2>\n\n\n\n<ul class=\"wp-block-list\">\n<li>geboren am 2. September 1924 in Mainz<\/li>\n\n\n\n<li>gestorben am 14. Dezember 2010 in Israel<\/li>\n<\/ul>\n\n\n\n<br>\n\n\n\n<p>Alfred Leopold Vogel, 1882 geboren, heiratete 1920 die 1895 in N\u00f6rdlingen geborene Marie Eisenmann. Das Paar hatte drei T\u00f6chter: Margaret Irma, geboren 1922, sowie die Zwillinge Lotte Frieda und Susanne Babette, geboren 1924.\u00a0Bis 1939 war die Familie in der Diether-von-Isenburgstra\u00dfe 11 in Mainz ans\u00e4ssig. Parallel dazu war ein Zweitwohnsitz in der Julianenstra\u00dfe 2 in Guntersblum angemeldet, wo Alfred als gelernter Weinh\u00e4ndler eine Weinkellerei und ein Weinlager unterhielt. Am 10. November 1939 wurden die Wohnung des Ehepaars, das Weinlager und die Best\u00e4nde in Guntersblum im Zuge des Novemberpogroms schwer verw\u00fcstet. Die Entrechtung setze sich fort, als die Eltern Ende 1939 gezwungen wurden, in ein \u201aJudenhaus\u2018 in der Frauenlobstra\u00dfe 4 zu ziehen. Die drei T\u00f6chter entgingen diesem Umzug, da sie zuvor durch Kontakte ihres Vaters mit \u201eKindertransporten\u201c nach England in Sicherheit gebracht werden konnten. Margaret emigrierte im M\u00e4rz 1939, absolvierte eine Ausbildung als Erzieherin und arbeitete w\u00e4hrend des Zweiten Weltkrieges in einem Kinderheim in Rustington (England). Am 20. Juli 1939 folgten Lotte und Susanne ihrer \u00e4lteren Schwester nach England und kamen im \u201eWyberlye Convalescent Home\u201c in Burgess Hill unter. Das Heim nahm zwischen Januar 1939 und 1940\/41 etwa 50 j\u00fcdische M\u00e4dchen aus Deutschland, \u00d6sterreich und der Tschechoslowakei auf.\u00a0<\/p>\n\n\n\nngg_shortcode_0_placeholder\n\n\n\n<p>Die T\u00f6chter hielten regen Briefkontakt mit ihren Eltern. In den Briefen wurde oft von Pl\u00e4nen \u00fcber die Ausreise der Eltern aus Deutschland gesprochen, die jedoch nicht realisiert werden konnten. Am 30. September 1942 wurden Alfred und Marie Vogel zusammen mit 881 Personen von Mainz \u00fcber Darmstadt vermutlich ins Vernichtungslager Treblinka deportiert und dort ermordet.<\/p>\n\n\n\nngg_shortcode_1_placeholder\n\n\n\n<p>Susanne emigrierte 1948 nach Israel, wo sie 2010 verstarb. Lotte folgte ihrer Zwillingsschwester 1950 nach Israel und heiratete dort Gerson Avner Hirsch. Das Ehepaar hatte drei Kinder: Dan, Michael und Ruth. 1998 gab Lotte ein Interview f\u00fcr die USC Shoah Foundation, in dem sie ausf\u00fchrlich \u00fcber ihre Kindheit und Jugend im nationalsozialistischen Deutschland und \u00fcber ihre Flucht nach England spricht. Sie verstarb 2015 in Israel.\u00a0<\/p>\n\n\n\n<p><\/p>\n\n\n\n<br>\n\n\n\n<p>Text: Clara-Marie Bek<\/p>\n\n\n\n<p>Redaktionelle Bearbeitung: HdE<\/p>\n\n\n\n<br>\n\n\n\n<hr class=\"wp-block-separator has-alpha-channel-opacity\"\/>\n\n\n\n<br>\n\n\n\n<div class=\"wp-block-columns is-layout-flex wp-container-core-columns-is-layout-9d6595d7 wp-block-columns-is-layout-flex\">\n<div class=\"wp-block-column is-layout-flow wp-block-column-is-layout-flow\">\n<p>Die Stolpersteine f\u00fcr Albert und Marie Vogel wurden am 11. September 2010 in der Diether-von-Isenburg-Stra\u00dfe 11 verlegt.<\/p>\n<\/div>\n\n\n\n<div class=\"wp-block-column is-layout-flow wp-block-column-is-layout-flow\">\n<iframe src=\"https:\/\/www.google.com\/maps\/embed?pb=!1m18!1m12!1m3!1d2564.2240927434163!2d8.26691127629661!3d50.00715487151102!2m3!1f0!2f0!3f0!3m2!1i1024!2i768!4f13.1!3m3!1m2!1s0x47bd970226304ad1%3A0xa5b2b1d183a55bce!2sDiether-von-Isenburg-Stra%C3%9Fe%2011%2C%2055116%20Mainz!5e0!3m2!1sde!2sde!4v1714131350274!5m2!1sde!2sde\" width=\"600\" height=\"450\" style=\"border:0;\" allowfullscreen=\"\" loading=\"lazy\" referrerpolicy=\"no-referrer-when-downgrade\"><\/iframe>\n<\/div>\n<\/div>\n","protected":false},"excerpt":{"rendered":"<p>Albert Leopold Vogel Marie Vogel, geb. Eisenmann Margaret Irma Alexander, geb. Vogel Lotte (Yael) Frieda Avner, geb. Vogel Susanne Babette Hacohen, geb. Vogel Alfred Leopold Vogel, 1882 geboren, heiratete 1920 die 1895 in N\u00f6rdlingen geborene Marie Eisenmann. Das Paar hatte drei T\u00f6chter: Margaret Irma, geboren 1922, sowie die Zwillinge Lotte&#8230;<\/p>\n<p> <a class=\"continue-reading-link\" href=\"https:\/\/stolpersteine-mainz.de\/index.php\/stolpersteine-in-mainz\/biografien\/familie-vogel\/\"><span>mehr Infos<\/span><i class=\"crycon-right-dir\"><\/i><\/a> <\/p>\n","protected":false},"author":5,"featured_media":0,"parent":104,"menu_order":0,"comment_status":"closed","ping_status":"closed","template":"","meta":{"ngg_post_thumbnail":0,"footnotes":""},"class_list":["post-4593","page","type-page","status-publish","hentry"],"_links":{"self":[{"href":"https:\/\/stolpersteine-mainz.de\/index.php\/wp-json\/wp\/v2\/pages\/4593","targetHints":{"allow":["GET"]}}],"collection":[{"href":"https:\/\/stolpersteine-mainz.de\/index.php\/wp-json\/wp\/v2\/pages"}],"about":[{"href":"https:\/\/stolpersteine-mainz.de\/index.php\/wp-json\/wp\/v2\/types\/page"}],"author":[{"embeddable":true,"href":"https:\/\/stolpersteine-mainz.de\/index.php\/wp-json\/wp\/v2\/users\/5"}],"replies":[{"embeddable":true,"href":"https:\/\/stolpersteine-mainz.de\/index.php\/wp-json\/wp\/v2\/comments?post=4593"}],"version-history":[{"count":24,"href":"https:\/\/stolpersteine-mainz.de\/index.php\/wp-json\/wp\/v2\/pages\/4593\/revisions"}],"predecessor-version":[{"id":5092,"href":"https:\/\/stolpersteine-mainz.de\/index.php\/wp-json\/wp\/v2\/pages\/4593\/revisions\/5092"}],"up":[{"embeddable":true,"href":"https:\/\/stolpersteine-mainz.de\/index.php\/wp-json\/wp\/v2\/pages\/104"}],"wp:attachment":[{"href":"https:\/\/stolpersteine-mainz.de\/index.php\/wp-json\/wp\/v2\/media?parent=4593"}],"curies":[{"name":"wp","href":"https:\/\/api.w.org\/{rel}","templated":true}]}}