{"id":3861,"date":"2023-05-09T10:39:10","date_gmt":"2023-05-09T08:39:10","guid":{"rendered":"https:\/\/stolpersteine-mainz.de\/?page_id=3861"},"modified":"2023-05-09T12:41:09","modified_gmt":"2023-05-09T10:41:09","slug":"doktor-berta-erlanger","status":"publish","type":"page","link":"https:\/\/stolpersteine-mainz.de\/index.php\/leichte-sprache\/lebens-geschichten\/doktor-berta-erlanger\/","title":{"rendered":"Doktor Berta Erlanger"},"content":{"rendered":"\n<br>\n\n\n\n<h3 class=\"wp-block-heading\">Wichtige Infos \u00fcber das Leben von Doktor Berta Erlanger:<\/h3>\n\n\n\n<br>\n\n\n\n<ul class=\"wp-block-list\">\n<li>geboren am 22. April 1884 in Augsburg<\/li>\n\n\n\n<li>gestorben am 9. Juli 1933 in Mainz<\/li>\n<\/ul>\n\n\n\n<br>\n\n\n\n<figure class=\"wp-block-image size-full is-resized\"><img loading=\"lazy\" decoding=\"async\" src=\"https:\/\/stolpersteine-mainz.de\/wp-content\/uploads\/2021\/10\/Erlanger-Berta-2.jpg\" alt=\"\" class=\"wp-image-2350\" width=\"291\" height=\"394\" srcset=\"https:\/\/stolpersteine-mainz.de\/wp-content\/uploads\/2021\/10\/Erlanger-Berta-2.jpg 675w, https:\/\/stolpersteine-mainz.de\/wp-content\/uploads\/2021\/10\/Erlanger-Berta-2-221x300.jpg 221w, https:\/\/stolpersteine-mainz.de\/wp-content\/uploads\/2021\/10\/Erlanger-Berta-2-111x150.jpg 111w\" sizes=\"auto, (max-width: 291px) 100vw, 291px\" \/><figcaption class=\"wp-element-caption\">Doktor Berta Erlanger \u00a9 privat<\/figcaption><\/figure>\n\n\n\n<br>\n\n\n\n<h4 class=\"wp-block-heading\">Die Familie von Berta Erlanger<\/h4>\n\n\n\n<br>\n\n\n\n<p>Berta Erlanger wurde am 22. April 1884 in Augsburg geboren.<br>Ihre Eltern hie\u00dfen Jakob und Emilie.<br>Der Vater Jakob kam aus Buchau in W\u00fcrttemberg.<br>Dort lebten viele Juden.<br>Jakob Erlanger war mit dem ber\u00fchmten Physiker Einstein verwandt.<br>Die Familie lebte in der Maximilian-Stra\u00dfe.<br>Berta hatte 3 Geschwister:<\/p>\n\n\n\n<ul class=\"wp-block-list\">\n<li>den Bruder Hugo<\/li>\n\n\n\n<li>die Schwester Ida<\/li>\n\n\n\n<li>die Schwester Adele<\/li>\n<\/ul>\n\n\n\n<br>\n\n\n\n<h4 class=\"wp-block-heading\">Die Ausbildung von Berta Erlanger<\/h4>\n\n\n\n<br>\n\n\n\n<p>Berta Erlanger ging auf eine Privat-Schule in M\u00fcnchen.<br>Im Jahr 1903 machte sie das Abitur.<br>Danach ging sie zur Uni.<br>Sie studierte Medizin.<br>Damals studierten sehr wenige Frauen.<br>Die meisten Studenten waren M\u00e4nner.<br>Berta machte ihren Abschluss im Jahr 1908.<br>Danach machte sie das praktische Jahr.<br>Das hei\u00dft: Sie lernte den Berufs-Alltag kennen.<br>Sie arbeitete in:<\/p>\n\n\n\n<ul class=\"wp-block-list\">\n<li>einer Klinik in Heidelberg<\/li>\n\n\n\n<li>einem Pflegeheim in Wiesloch<\/li>\n<\/ul>\n\n\n\n<p>Ihre Doktor-Arbeit schrieb sie \u00fcber Magen-Krebs.<\/p>\n\n\n\n<p><\/p>\n\n\n\n<br>\n\n\n\n<h4 class=\"wp-block-heading\">Traum-Beruf Kinder-\u00c4rztin <\/h4>\n\n\n\n<br>\n\n\n\n<div class=\"wp-block-columns is-layout-flex wp-container-core-columns-is-layout-9d6595d7 wp-block-columns-is-layout-flex\">\n<div class=\"wp-block-column is-layout-flow wp-block-column-is-layout-flow\" style=\"flex-basis:66.66%\">\n<p>Am 18. Januar 1910 bekam Berta Erlanger die Zulassung.<br>Ab dem Tag durfte sie als \u00c4rztin arbeiten.<br>Zuerst war sie \u00c4rztin im:<\/p>\n\n\n\n<ul class=\"wp-block-list\">\n<li>Pflegeheim in Wiesloch<\/li>\n\n\n\n<li>st\u00e4dtischen Krankenhaus in Augsburg<\/li>\n<\/ul>\n\n\n\n<p>Im Jahr 1914 arbeitete sie in einem Waisenhaus in Berlin.<br>Sie entschied:<br>Ich m\u00f6chte Kinder-\u00c4rztin werden.<br>Darum arbeitete sie auch im S\u00e4uglings-Heim in Hamburg.<\/p>\n<\/div>\n\n\n\n<div class=\"wp-block-column is-layout-flow wp-block-column-is-layout-flow\" style=\"flex-basis:33.33%\">\n<figure class=\"wp-block-image size-large is-resized\"><img loading=\"lazy\" decoding=\"async\" src=\"https:\/\/stolpersteine-mainz.de\/wp-content\/uploads\/2023\/02\/doctor-gad49f2688_1920-812x1024.jpg\" alt=\"\" class=\"wp-image-3862\" width=\"250\" height=\"314\" srcset=\"https:\/\/stolpersteine-mainz.de\/wp-content\/uploads\/2023\/02\/doctor-gad49f2688_1920-812x1024.jpg 812w, https:\/\/stolpersteine-mainz.de\/wp-content\/uploads\/2023\/02\/doctor-gad49f2688_1920-238x300.jpg 238w, https:\/\/stolpersteine-mainz.de\/wp-content\/uploads\/2023\/02\/doctor-gad49f2688_1920-768x969.jpg 768w, https:\/\/stolpersteine-mainz.de\/wp-content\/uploads\/2023\/02\/doctor-gad49f2688_1920-1218x1536.jpg 1218w, https:\/\/stolpersteine-mainz.de\/wp-content\/uploads\/2023\/02\/doctor-gad49f2688_1920-119x150.jpg 119w, https:\/\/stolpersteine-mainz.de\/wp-content\/uploads\/2023\/02\/doctor-gad49f2688_1920.jpg 1522w\" sizes=\"auto, (max-width: 250px) 100vw, 250px\" \/><figcaption class=\"wp-element-caption\"><sup>\u00a9 <a href=\"https:\/\/pixabay.com\/de\/users\/waldryano-309781\/?utm_source=link-attribution&amp;utm_medium=referral&amp;utm_campaign=image&amp;utm_content=1703644&quot;&gt;Waldryano\" target=\"_blank\" rel=\"noreferrer noopener\">pixabay<\/a><\/sup><\/figcaption><\/figure>\n<\/div>\n<\/div>\n\n\n\n<div class=\"wp-block-columns is-layout-flex wp-container-core-columns-is-layout-9d6595d7 wp-block-columns-is-layout-flex\">\n<div class=\"wp-block-column is-layout-flow wp-block-column-is-layout-flow\" style=\"flex-basis:66.66%\">\n<p>Im Ersten Weltkrieg arbeitete Berta Erlanger<br>in einem Krankenhaus in Wiesbaden.<br>Dann kam sie nach Mainz.<br>Sie er\u00f6ffnete eine Praxis f\u00fcr Kinder.<br>Zuerst arbeitete sie am Forsterplatz 3.<br>Dann arbeitete und wohnte sie in der Gro\u00dfen Bleiche 12.<\/p>\n\n\n\n<p>Wahrscheinlich war Berta Erlanger die erste Kinder-\u00c4rztin in Mainz.<\/p>\n\n\n\n<p>In Deutschland gab es sehr viele j\u00fcdische Kinder-\u00c4rzte.<br>Mehr als die H\u00e4lfte von den Kinder-\u00c4rzten waren Juden.<\/p>\n<\/div>\n\n\n\n<div class=\"wp-block-column is-layout-flow wp-block-column-is-layout-flow\" style=\"flex-basis:33.33%\">\n<br>\n\n\n\n<figure class=\"wp-block-image size-large\"><img loading=\"lazy\" decoding=\"async\" width=\"1024\" height=\"717\" src=\"https:\/\/stolpersteine-mainz.de\/wp-content\/uploads\/2020\/10\/Erlanger-GrosseBleiche12-klein-bpsf2088a-1024x717.png\" alt=\"\" class=\"wp-image-1156\" srcset=\"https:\/\/stolpersteine-mainz.de\/wp-content\/uploads\/2020\/10\/Erlanger-GrosseBleiche12-klein-bpsf2088a-1024x717.png 1024w, https:\/\/stolpersteine-mainz.de\/wp-content\/uploads\/2020\/10\/Erlanger-GrosseBleiche12-klein-bpsf2088a-300x210.png 300w, https:\/\/stolpersteine-mainz.de\/wp-content\/uploads\/2020\/10\/Erlanger-GrosseBleiche12-klein-bpsf2088a-768x538.png 768w, https:\/\/stolpersteine-mainz.de\/wp-content\/uploads\/2020\/10\/Erlanger-GrosseBleiche12-klein-bpsf2088a-1536x1076.png 1536w, https:\/\/stolpersteine-mainz.de\/wp-content\/uploads\/2020\/10\/Erlanger-GrosseBleiche12-klein-bpsf2088a-2048x1435.png 2048w, https:\/\/stolpersteine-mainz.de\/wp-content\/uploads\/2020\/10\/Erlanger-GrosseBleiche12-klein-bpsf2088a-150x105.png 150w\" sizes=\"auto, (max-width: 1024px) 100vw, 1024px\" \/><\/figure>\n<\/div>\n<\/div>\n\n\n\n<br>\n\n\n\n<h4 class=\"wp-block-heading\">Nach der <a rel=\"noreferrer noopener\" href=\"https:\/\/stolpersteine-mainz.de\/index.php\/leichte-sprache\/wichtige-begriffe\/macht-uebernahme\/\" target=\"_blank\">Macht-\u00dcbernahme<\/a><\/h4>\n\n\n\n<br>\n\n\n\n<p>Im Jahr 1933 \u00fcbernahmen die <a href=\"https:\/\/stolpersteine-mainz.de\/index.php\/leichte-sprache\/wichtige-begriffe\/nazi\/\" target=\"_blank\" rel=\"noreferrer noopener\">Nazis<\/a> die Macht.<br>Das Leben von den Juden \u00e4nderte sich stark.<br>Sie verloren immer mehr Rechte.<br>Die <a href=\"https:\/\/stolpersteine-mainz.de\/index.php\/leichte-sprache\/wichtige-begriffe\/nazi\/\" target=\"_blank\" rel=\"noreferrer noopener\">Nazis<\/a> sagten:<\/p>\n\n\n\n<ul class=\"wp-block-list\">\n<li><strong>Keiner<\/strong> soll bei Juden einkaufen.<\/li>\n\n\n\n<li><strong>Keiner<\/strong> soll zu einem j\u00fcdischen Arzt gehen.<\/li>\n\n\n\n<li><strong>Keiner<\/strong> soll zu einem j\u00fcdischen Anwalt gehen.<\/li>\n<\/ul>\n\n\n\n<p>Berta Erlanger war Mitglied in der<br><a>Deutschen Gesellschaft f\u00fcr Kinder-Heilkunde<\/a>.<br>Das ist ein Verein f\u00fcr \u00c4rzte.<br>Berta Erlanger hat sich im Jahr 1933 von dem Verein abgemeldet.<br>Die <a href=\"https:\/\/stolpersteine-mainz.de\/index.php\/leichte-sprache\/wichtige-begriffe\/nazi\/\" target=\"_blank\" rel=\"noreferrer noopener\">Nazis<\/a> haben sie wahrscheinlich dazu gezwungen.<\/p>\n\n\n\n<br>\n\n\n\n<div class=\"wp-block-columns is-layout-flex wp-container-core-columns-is-layout-9d6595d7 wp-block-columns-is-layout-flex\">\n<div class=\"wp-block-column is-layout-flow wp-block-column-is-layout-flow\" style=\"flex-basis:66.66%\">\n<p>Es gab ein weiteres Problem: die <strong>Kranken-Versicherung<\/strong>.<br><strong>Kranken-Versicherungen<\/strong> gibt es heute noch.<br>Jeder B\u00fcrger in Deutschland ist Mitglied bei einer Kranken-Versicherung.<br>Man zahlt einen Beitrag.<br>Daf\u00fcr bezahlt die Kranken-Versicherung den Arzt.<\/p>\n\n\n\n<p>Im Jahr 1933 haben die Versicherungen <strong>keine<\/strong> j\u00fcdischen \u00c4rzte mehr bezahlt.<br>Die \u00c4rzte verloren ihre Patienten.<br><br><\/p>\n<\/div>\n\n\n\n<div class=\"wp-block-column is-layout-flow wp-block-column-is-layout-flow\" style=\"flex-basis:33.33%\">\n<figure class=\"wp-block-image size-large is-resized\"><img loading=\"lazy\" decoding=\"async\" src=\"https:\/\/stolpersteine-mainz.de\/wp-content\/uploads\/2023\/02\/Gesundheitskarte_5-1024x685.png\" alt=\"\" class=\"wp-image-3864\" width=\"252\" height=\"168\" srcset=\"https:\/\/stolpersteine-mainz.de\/wp-content\/uploads\/2023\/02\/Gesundheitskarte_5-1024x685.png 1024w, https:\/\/stolpersteine-mainz.de\/wp-content\/uploads\/2023\/02\/Gesundheitskarte_5-300x201.png 300w, https:\/\/stolpersteine-mainz.de\/wp-content\/uploads\/2023\/02\/Gesundheitskarte_5-768x514.png 768w, https:\/\/stolpersteine-mainz.de\/wp-content\/uploads\/2023\/02\/Gesundheitskarte_5-1536x1027.png 1536w, https:\/\/stolpersteine-mainz.de\/wp-content\/uploads\/2023\/02\/Gesundheitskarte_5-2048x1370.png 2048w, https:\/\/stolpersteine-mainz.de\/wp-content\/uploads\/2023\/02\/Gesundheitskarte_5-150x100.png 150w\" sizes=\"auto, (max-width: 252px) 100vw, 252px\" \/><figcaption class=\"wp-element-caption\"><sup>\u00a9Inga Kramer, www.ingakramer.de<\/sup><\/figcaption><\/figure>\n<\/div>\n<\/div>\n\n\n\n<br>\n\n\n\n<div class=\"wp-block-columns is-layout-flex wp-container-core-columns-is-layout-9d6595d7 wp-block-columns-is-layout-flex\">\n<div class=\"wp-block-column is-layout-flow wp-block-column-is-layout-flow\" style=\"flex-basis:66.66%\">\n<p>Berta Erlanger hat die Dem\u00fctigungen <strong>nicht <\/strong>ertragen.<br>Sie versuchte, sich umzubringen.<br>Sie ist an den Folgen von dem Selbstmord-Versuch gestorben.<br>Das war am 9. Juli 1933<\/p>\n<\/div>\n\n\n\n<div class=\"wp-block-column is-layout-flow wp-block-column-is-layout-flow\" style=\"flex-basis:33.33%\">\n<figure class=\"wp-block-image size-full\"><img loading=\"lazy\" decoding=\"async\" width=\"262\" height=\"466\" src=\"https:\/\/stolpersteine-mainz.de\/wp-content\/uploads\/2020\/10\/ErlangerBerta1933-grabstein-DSC01820-bearb.jpg\" alt=\"\" class=\"wp-image-1157\" srcset=\"https:\/\/stolpersteine-mainz.de\/wp-content\/uploads\/2020\/10\/ErlangerBerta1933-grabstein-DSC01820-bearb.jpg 262w, https:\/\/stolpersteine-mainz.de\/wp-content\/uploads\/2020\/10\/ErlangerBerta1933-grabstein-DSC01820-bearb-169x300.jpg 169w, https:\/\/stolpersteine-mainz.de\/wp-content\/uploads\/2020\/10\/ErlangerBerta1933-grabstein-DSC01820-bearb-84x150.jpg 84w\" sizes=\"auto, (max-width: 262px) 100vw, 262px\" \/><figcaption class=\"wp-element-caption\"><sup>\u00a9privat<\/sup><\/figcaption><\/figure>\n<\/div>\n<\/div>\n\n\n\n<br>\n\n\n\n<figure class=\"wp-block-image size-full is-resized\"><img loading=\"lazy\" decoding=\"async\" src=\"https:\/\/stolpersteine-mainz.de\/wp-content\/uploads\/2020\/10\/Stolperstein_Erlanger.png\" alt=\"\" class=\"wp-image-893\" width=\"425\" height=\"428\" srcset=\"https:\/\/stolpersteine-mainz.de\/wp-content\/uploads\/2020\/10\/Stolperstein_Erlanger.png 436w, https:\/\/stolpersteine-mainz.de\/wp-content\/uploads\/2020\/10\/Stolperstein_Erlanger-298x300.png 298w, https:\/\/stolpersteine-mainz.de\/wp-content\/uploads\/2020\/10\/Stolperstein_Erlanger-150x150.png 150w\" sizes=\"auto, (max-width: 425px) 100vw, 425px\" \/><figcaption class=\"wp-element-caption\">Stolperstein in der Gro\u00dfen Bleiche \u00a9 privat<\/figcaption><\/figure>\n\n\n\n<br>\n\n\n\n<h3 class=\"wp-block-heading\">J\u00fcdische Frauen und \u00c4rztinnen<\/h3>\n\n\n\n<br>\n\n\n<div class=\"wp-block-image\">\n<figure class=\"alignright size-full is-resized\"><img loading=\"lazy\" decoding=\"async\" src=\"https:\/\/stolpersteine-mainz.de\/wp-content\/uploads\/2023\/05\/grafik.png\" alt=\"\" class=\"wp-image-4009\" width=\"219\" height=\"276\" srcset=\"https:\/\/stolpersteine-mainz.de\/wp-content\/uploads\/2023\/05\/grafik.png 812w, https:\/\/stolpersteine-mainz.de\/wp-content\/uploads\/2023\/05\/grafik-238x300.png 238w, https:\/\/stolpersteine-mainz.de\/wp-content\/uploads\/2023\/05\/grafik-768x969.png 768w, https:\/\/stolpersteine-mainz.de\/wp-content\/uploads\/2023\/05\/grafik-119x150.png 119w\" sizes=\"auto, (max-width: 219px) 100vw, 219px\" \/><figcaption class=\"wp-element-caption\"><sup>\u00a9 <a href=\"https:\/\/pixabay.com\/de\/users\/waldryano-309781\/?utm_source=link-attribution&amp;utm_medium=referral&amp;utm_campaign=image&amp;utm_content=1703644&quot;&gt;Waldryano\" target=\"_blank\" rel=\"noreferrer noopener\">pixabay<\/a><\/sup><\/figcaption><\/figure>\n<\/div>\n\n\n<p>In Mainz gab es seit vielen hundert Jahren weibliche \u00c4rzte. <br>Einige \u00c4rztinnen waren J\u00fcdinnen. <br>Aber die meisten \u00c4rzte waren M\u00e4nner. <br>Im Jahr 1903 begann Berta Erlanger ihr Medizin-Studium. <br>Das war eine Ausnahme. <br>Auch \u00c4rztinnen mit eigener Praxis waren selten.<br>Nach der <a href=\"https:\/\/stolpersteine-mainz.de\/index.php\/leichte-sprache\/wichtige-begriffe\/macht-uebernahme\/\" target=\"_blank\" rel=\"noreferrer noopener\">Macht-\u00dcbernahme<\/a> haben die j\u00fcdischen \u00c4rzte <br>ihren Beruf verloren. <br>Sie bekamen <strong>kein<\/strong> Geld mehr von Kranken-Versicherungen. <br>Sie durften <strong>nicht <\/strong>mehr in Unis arbeiten. <br>Sie durften <strong>nicht <\/strong>mehr in Krankenh\u00e4usern arbeiten.<\/p>\n\n\n\n<p><br>Die <a href=\"https:\/\/stolpersteine-mainz.de\/index.php\/leichte-sprache\/wichtige-begriffe\/nazi\/\" target=\"_blank\" rel=\"noreferrer noopener\">Nazis<\/a> haben den \u00c4rzten das Leben erschwert. <br>Sie standen vor dem Eingang von den Arzt-Praxen. <br>Die <a href=\"https:\/\/stolpersteine-mainz.de\/index.php\/leichte-sprache\/wichtige-begriffe\/nazi\/\" target=\"_blank\" rel=\"noreferrer noopener\">Nazis<\/a> haben <strong>keine <\/strong>Patienten reingelassen. <br>Im Jahr 1938 verloren j\u00fcdische \u00c4rzte ihre Zulassung. <br>Die Zulassung ist eine Erlaubnis f\u00fcr den Arzt. <br>Ein Arzt darf ohne Zulassung <strong>nicht <\/strong>arbeiten.<\/p>\n\n\n\n<p><br>In Deutschland gab es etwa 8 Tausend j\u00fcdische \u00c4rzte. <br>Die H\u00e4lfte von den \u00c4rzten ist ausgewandert. <br>Die <a href=\"https:\/\/stolpersteine-mainz.de\/index.php\/leichte-sprache\/wichtige-begriffe\/nazi\/\" target=\"_blank\" rel=\"noreferrer noopener\">Nazis<\/a> haben etwa 2 Tausend j\u00fcdische \u00c4rzte ermordet.<\/p>\n\n\n\n<br>\n\n\n\n<div class=\"wp-block-file\"><a id=\"wp-block-file--media-5162f54b-2369-4e0e-9553-db7607915359\" href=\"https:\/\/stolpersteine-mainz.de\/wp-content\/uploads\/2023\/02\/Berta-Erlanger-Leichte-Sprache-V2-barrierefrei.pdf\">Hier finden Sie die barrierefreie PDF zum Herunterladen!<\/a><a href=\"https:\/\/stolpersteine-mainz.de\/wp-content\/uploads\/2023\/02\/Berta-Erlanger-Leichte-Sprache-V2-barrierefrei.pdf\" class=\"wp-block-file__button wp-element-button\" download aria-describedby=\"wp-block-file--media-5162f54b-2369-4e0e-9553-db7607915359\">Herunterladen<\/a><\/div>\n","protected":false},"excerpt":{"rendered":"<p>Wichtige Infos \u00fcber das Leben von Doktor Berta Erlanger: Die Familie von Berta Erlanger Berta Erlanger wurde am 22. April 1884 in Augsburg geboren.Ihre Eltern hie\u00dfen Jakob und Emilie.Der Vater Jakob kam aus Buchau in W\u00fcrttemberg.Dort lebten viele Juden.Jakob Erlanger war mit dem ber\u00fchmten Physiker Einstein verwandt.Die Familie lebte in&#8230;<\/p>\n<p> <a class=\"continue-reading-link\" href=\"https:\/\/stolpersteine-mainz.de\/index.php\/leichte-sprache\/lebens-geschichten\/doktor-berta-erlanger\/\"><span>mehr Infos<\/span><i class=\"crycon-right-dir\"><\/i><\/a> <\/p>\n","protected":false},"author":2,"featured_media":0,"parent":3942,"menu_order":0,"comment_status":"closed","ping_status":"closed","template":"","meta":{"ngg_post_thumbnail":0,"footnotes":""},"class_list":["post-3861","page","type-page","status-publish","hentry"],"_links":{"self":[{"href":"https:\/\/stolpersteine-mainz.de\/index.php\/wp-json\/wp\/v2\/pages\/3861","targetHints":{"allow":["GET"]}}],"collection":[{"href":"https:\/\/stolpersteine-mainz.de\/index.php\/wp-json\/wp\/v2\/pages"}],"about":[{"href":"https:\/\/stolpersteine-mainz.de\/index.php\/wp-json\/wp\/v2\/types\/page"}],"author":[{"embeddable":true,"href":"https:\/\/stolpersteine-mainz.de\/index.php\/wp-json\/wp\/v2\/users\/2"}],"replies":[{"embeddable":true,"href":"https:\/\/stolpersteine-mainz.de\/index.php\/wp-json\/wp\/v2\/comments?post=3861"}],"version-history":[{"count":12,"href":"https:\/\/stolpersteine-mainz.de\/index.php\/wp-json\/wp\/v2\/pages\/3861\/revisions"}],"predecessor-version":[{"id":4064,"href":"https:\/\/stolpersteine-mainz.de\/index.php\/wp-json\/wp\/v2\/pages\/3861\/revisions\/4064"}],"up":[{"embeddable":true,"href":"https:\/\/stolpersteine-mainz.de\/index.php\/wp-json\/wp\/v2\/pages\/3942"}],"wp:attachment":[{"href":"https:\/\/stolpersteine-mainz.de\/index.php\/wp-json\/wp\/v2\/media?parent=3861"}],"curies":[{"name":"wp","href":"https:\/\/api.w.org\/{rel}","templated":true}]}}