{"id":3822,"date":"2023-05-09T10:40:13","date_gmt":"2023-05-09T08:40:13","guid":{"rendered":"https:\/\/stolpersteine-mainz.de\/?page_id=3822"},"modified":"2023-05-09T12:29:28","modified_gmt":"2023-05-09T10:29:28","slug":"philippine-koch","status":"publish","type":"page","link":"https:\/\/stolpersteine-mainz.de\/index.php\/leichte-sprache\/lebens-geschichten\/philippine-koch\/","title":{"rendered":"Philippine Koch"},"content":{"rendered":"\n<br>\n\n\n\n<h4 class=\"wp-block-heading\">Wichtige Infos \u00fcber das Leben von<br>Philippine Koch:<\/h4>\n\n\n\n<br>\n\n\n\n<figure class=\"wp-block-image size-large is-resized\"><img loading=\"lazy\" decoding=\"async\" src=\"https:\/\/stolpersteine-mainz.de\/wp-content\/uploads\/2021\/09\/Portraet_Philippine_Koch-686x1024.jpg\" alt=\"\" class=\"wp-image-2284\" width=\"279\" height=\"416\" srcset=\"https:\/\/stolpersteine-mainz.de\/wp-content\/uploads\/2021\/09\/Portraet_Philippine_Koch-686x1024.jpg 686w, https:\/\/stolpersteine-mainz.de\/wp-content\/uploads\/2021\/09\/Portraet_Philippine_Koch-201x300.jpg 201w, https:\/\/stolpersteine-mainz.de\/wp-content\/uploads\/2021\/09\/Portraet_Philippine_Koch-768x1146.jpg 768w, https:\/\/stolpersteine-mainz.de\/wp-content\/uploads\/2021\/09\/Portraet_Philippine_Koch-101x150.jpg 101w, https:\/\/stolpersteine-mainz.de\/wp-content\/uploads\/2021\/09\/Portraet_Philippine_Koch.jpg 951w\" sizes=\"auto, (max-width: 279px) 100vw, 279px\" \/><figcaption class=\"wp-element-caption\">Philippine Koch<\/figcaption><\/figure>\n\n\n\n<br>\n\n\n\n<ul class=\"wp-block-list\">\n<li>geboren am 1. M\u00e4rz 1897 in Mainz<\/li>\n\n\n\n<li>Philippine Koch war im Widerstand.<br>Das hat jemand verraten.<br>Das schwere Wort daf\u00fcr ist <strong>denunzieren<\/strong>.<\/li>\n\n\n\n<li>Im Jahr 1944 wurde sie verhaftet.<\/li>\n\n\n\n<li>Philippine Koch wurde nach Ravensbr\u00fcck gebracht.<br>Das schwere Wort daf\u00fcr ist <strong><a href=\"https:\/\/stolpersteine-mainz.de\/index.php\/leichte-sprache\/wichtige-begriffe\/deportieren\/\" target=\"_blank\" rel=\"noreferrer noopener\">deportieren<\/a><\/strong>.<\/li>\n\n\n\n<li>Niemand wei\u00df, wann sie gestorben ist.<br>Darum sagte ein Gericht am 27. November 1956:<br>Sie ist tot.<\/li>\n<\/ul>\n\n\n\n<br>\n\n\n\n<div class=\"wp-block-columns is-layout-flex wp-container-core-columns-is-layout-9d6595d7 wp-block-columns-is-layout-flex\">\n<div class=\"wp-block-column is-layout-flow wp-block-column-is-layout-flow\" style=\"flex-basis:50%\">\n<p>Philippine Koch wurde am 1. M\u00e4rz 1897 in Mainz geboren.<br>Sie sagte \u00f6ffentlich,<br>dass sie Hitler ablehnt.<br>Das war verboten.<br><strong>Keiner<\/strong> durfte seine Meinung frei sagen.<br><strong>Keiner<\/strong> durfte schlecht \u00fcber <a href=\"https:\/\/stolpersteine-mainz.de\/index.php\/leichte-sprache\/wichtige-begriffe\/nazi\/\" target=\"_blank\" rel=\"noreferrer noopener\">Nazis<\/a> oder den Staat reden.<br>Das stand im <strong>Heimt\u00fccke-Gesetz<\/strong>.<br>Es gab schlimme Strafen f\u00fcr politische Gegner.<\/p>\n<\/div>\n\n\n\n<div class=\"wp-block-column is-layout-flow wp-block-column-is-layout-flow\" style=\"flex-basis:50%\">\n<figure class=\"wp-block-image size-large is-resized\"><img loading=\"lazy\" decoding=\"async\" src=\"https:\/\/stolpersteine-mainz.de\/wp-content\/uploads\/2023\/02\/Protestieren-1024x1024.png\" alt=\"\" class=\"wp-image-3784\" width=\"272\" height=\"272\" srcset=\"https:\/\/stolpersteine-mainz.de\/wp-content\/uploads\/2023\/02\/Protestieren-1024x1024.png 1024w, https:\/\/stolpersteine-mainz.de\/wp-content\/uploads\/2023\/02\/Protestieren-300x300.png 300w, https:\/\/stolpersteine-mainz.de\/wp-content\/uploads\/2023\/02\/Protestieren-150x150.png 150w, https:\/\/stolpersteine-mainz.de\/wp-content\/uploads\/2023\/02\/Protestieren-768x768.png 768w, https:\/\/stolpersteine-mainz.de\/wp-content\/uploads\/2023\/02\/Protestieren.png 1181w\" sizes=\"auto, (max-width: 272px) 100vw, 272px\" \/><figcaption class=\"wp-element-caption\"><sup>\u00a9 Inga Kramer, www.ingakramer.de<\/sup><\/figcaption><\/figure>\n<\/div>\n<\/div>\n\n\n\n<br>\n\n\n\n<div class=\"wp-block-columns is-layout-flex wp-container-core-columns-is-layout-9d6595d7 wp-block-columns-is-layout-flex\">\n<div class=\"wp-block-column is-layout-flow wp-block-column-is-layout-flow\" style=\"flex-basis:50%\">\n<p>Das <strong>Sonder-Gericht<\/strong> Magdeburg verurteilte Philippine Koch am 5. M\u00e4rz 1943.<br>Sonder-Gerichte waren <strong>keine<\/strong> normalen Gerichte.<br>Die Verfahren waren sehr schnell.<br>Es gab wenig Untersuchungen.<br>Die Gefangenen hatten <strong>keine <\/strong>Rechte.<\/p>\n\n\n\n<p>Philippine Koch war 6 Monate im Gef\u00e4ngnis.<br>Am 4. September 1943 wurde sie entlassen.<\/p>\n\n\n\n<p>Danach hat Philippine Koch weiter ihre Meinung gesagt.<br>Sie sagte, dass sie den Krieg ablehnt.<\/p>\n<\/div>\n\n\n\n<div class=\"wp-block-column is-layout-flow wp-block-column-is-layout-flow\" style=\"flex-basis:50%\">\n<br>\n\n\n\n<figure class=\"wp-block-image size-large is-resized\"><img loading=\"lazy\" decoding=\"async\" src=\"https:\/\/stolpersteine-mainz.de\/wp-content\/uploads\/2023\/02\/Gericht_NSZeit_2-1024x1024.png\" alt=\"\" class=\"wp-image-3712\" width=\"206\" height=\"206\" srcset=\"https:\/\/stolpersteine-mainz.de\/wp-content\/uploads\/2023\/02\/Gericht_NSZeit_2-1024x1024.png 1024w, https:\/\/stolpersteine-mainz.de\/wp-content\/uploads\/2023\/02\/Gericht_NSZeit_2-300x300.png 300w, https:\/\/stolpersteine-mainz.de\/wp-content\/uploads\/2023\/02\/Gericht_NSZeit_2-150x150.png 150w, https:\/\/stolpersteine-mainz.de\/wp-content\/uploads\/2023\/02\/Gericht_NSZeit_2-768x768.png 768w, https:\/\/stolpersteine-mainz.de\/wp-content\/uploads\/2023\/02\/Gericht_NSZeit_2.png 1181w\" sizes=\"auto, (max-width: 206px) 100vw, 206px\" \/><figcaption class=\"wp-element-caption\"><sup>\u00a9 Inga Kramer, www.ingakramer.de<\/sup><\/figcaption><\/figure>\n<\/div>\n<\/div>\n\n\n\n<p>Im November 1944 besuchte Philippine Koch ihre Eltern.<br>Die Eltern wohnten in Mainz in der Kaiserstra\u00dfe 27.<br>Die <strong>Gestapo<\/strong> kam zu den Eltern nach Hause.<br>Gestapo ist die Abk\u00fcrzung von Geheime Staats-Polizei.<br>Die Gestapo verhaftete Philippine Koch erneut.<br>Am 2. Dezember 1944 wurde Philippine Koch <a rel=\"noreferrer noopener\" href=\"https:\/\/stolpersteine-mainz.de\/index.php\/leichte-sprache\/wichtige-begriffe\/deportieren\/\" target=\"_blank\">deportiert<\/a>.<br>Sie kam in das <a href=\"https:\/\/stolpersteine-mainz.de\/index.php\/leichte-sprache\/wichtige-begriffe\/konzentrations-lager\/\" target=\"_blank\" rel=\"noreferrer noopener\">Konzentrations-Lager<\/a> Ravensbr\u00fcck.<\/p>\n\n\n\n<br>\n\n\n\n<h4 class=\"wp-block-heading\">Letztes Lebens-Zeichen<\/h4>\n\n\n\n<br>\n\n\n\n<div class=\"wp-block-columns is-layout-flex wp-container-core-columns-is-layout-9d6595d7 wp-block-columns-is-layout-flex\">\n<div class=\"wp-block-column is-layout-flow wp-block-column-is-layout-flow\" style=\"flex-basis:50%\">\n<p>Das letzte Lebens-Zeichen von Philippine Koch ist ein Brief.<br>Der Brief ist vom 13. Januar 1945.<br>Die F\u00fcrsorge-Abteilung im Lager hat den Brief geschrieben.<br>Der Brief war f\u00fcr den Bruder von Philippine Koch.<br>In dem Brief steht:<br>Die Familie soll neue Mieter f\u00fcr die Wohnung von Philippine Koch suchen.<\/p>\n<\/div>\n\n\n\n<div class=\"wp-block-column is-layout-flow wp-block-column-is-layout-flow\" style=\"flex-basis:50%\">\n<figure class=\"wp-block-image size-large\"><img loading=\"lazy\" decoding=\"async\" width=\"1024\" height=\"726\" src=\"https:\/\/stolpersteine-mainz.de\/wp-content\/uploads\/2021\/09\/Schreiben-Fuersorgeabteilung_Koch-1024x726.jpg\" alt=\"\" class=\"wp-image-2291\" srcset=\"https:\/\/stolpersteine-mainz.de\/wp-content\/uploads\/2021\/09\/Schreiben-Fuersorgeabteilung_Koch-1024x726.jpg 1024w, https:\/\/stolpersteine-mainz.de\/wp-content\/uploads\/2021\/09\/Schreiben-Fuersorgeabteilung_Koch-300x213.jpg 300w, https:\/\/stolpersteine-mainz.de\/wp-content\/uploads\/2021\/09\/Schreiben-Fuersorgeabteilung_Koch-768x544.jpg 768w, https:\/\/stolpersteine-mainz.de\/wp-content\/uploads\/2021\/09\/Schreiben-Fuersorgeabteilung_Koch-1536x1088.jpg 1536w, https:\/\/stolpersteine-mainz.de\/wp-content\/uploads\/2021\/09\/Schreiben-Fuersorgeabteilung_Koch-150x106.jpg 150w, https:\/\/stolpersteine-mainz.de\/wp-content\/uploads\/2021\/09\/Schreiben-Fuersorgeabteilung_Koch.jpg 1606w\" sizes=\"auto, (max-width: 1024px) 100vw, 1024px\" \/><\/figure>\n<\/div>\n<\/div>\n\n\n\n<br>\n\n\n\n<p>Philippine Koch ist gestorben.<br><strong>Keiner<\/strong> wei\u00df,<\/p>\n\n\n\n<ul class=\"wp-block-list\">\n<li>wann Philippine Koch gestorben ist,<\/li>\n\n\n\n<li>ob sie bei einem <a href=\"https:\/\/stolpersteine-mainz.de\/index.php\/leichte-sprache\/wichtige-begriffe\/todes-marsch\/\" target=\"_blank\" rel=\"noreferrer noopener\">Todes-Marsch<\/a> gestorben ist<\/li>\n\n\n\n<li>oder ob sie vergast wurde.<\/li>\n<\/ul>\n\n\n\n<p>Das Amts-Gericht Mainz best\u00e4tigte den Tod am 27. November 1956.<\/p>\n\n\n\n<br>\n\n\n\n<figure class=\"wp-block-image size-large is-resized\"><img loading=\"lazy\" decoding=\"async\" src=\"https:\/\/stolpersteine-mainz.de\/wp-content\/uploads\/2021\/09\/IMG-20210930-WA0029-1024x1024.jpg\" alt=\"\" class=\"wp-image-2293\" width=\"478\" height=\"478\" srcset=\"https:\/\/stolpersteine-mainz.de\/wp-content\/uploads\/2021\/09\/IMG-20210930-WA0029-1024x1024.jpg 1024w, https:\/\/stolpersteine-mainz.de\/wp-content\/uploads\/2021\/09\/IMG-20210930-WA0029-300x300.jpg 300w, https:\/\/stolpersteine-mainz.de\/wp-content\/uploads\/2021\/09\/IMG-20210930-WA0029-150x150.jpg 150w, https:\/\/stolpersteine-mainz.de\/wp-content\/uploads\/2021\/09\/IMG-20210930-WA0029-768x768.jpg 768w, https:\/\/stolpersteine-mainz.de\/wp-content\/uploads\/2021\/09\/IMG-20210930-WA0029-1536x1536.jpg 1536w, https:\/\/stolpersteine-mainz.de\/wp-content\/uploads\/2021\/09\/IMG-20210930-WA0029.jpg 1600w\" sizes=\"auto, (max-width: 478px) 100vw, 478px\" \/><figcaption class=\"wp-element-caption\">Stolperstein in der Gro\u00dfen Langgasse<\/figcaption><\/figure>\n\n\n\n<br>\n\n\n\n<h3 class=\"wp-block-heading\">Das <a href=\"https:\/\/stolpersteine-mainz.de\/index.php\/leichte-sprache\/wichtige-begriffe\/konzentrations-lager\/\" target=\"_blank\" rel=\"noreferrer noopener\">Konzentrations-Lager<\/a> Ravensbr\u00fcck<\/h3>\n\n\n\n<br>\n\n\n\n<p>Das <a href=\"https:\/\/stolpersteine-mainz.de\/index.php\/leichte-sprache\/wichtige-begriffe\/konzentrations-lager\/\" target=\"_blank\" rel=\"noreferrer noopener\">Konzentrations-Lager<\/a> im Dorf Ravensbr\u00fcck war extra f\u00fcr Frauen.<br>Das Lager entstand im Jahr 1939.<br>Das Lager wurde mehrmals vergr\u00f6\u00dfert.<br>Im Jahr 1941 entstand ein Lager f\u00fcr M\u00e4nner.<br>Im Jahr 1942 entstand in der N\u00e4he ein Lager f\u00fcr M\u00e4dchen:<br>das Jugend-Lager Uckermark.<\/p>\n\n\n\n<p>Die Frauen wohnten in Baracken.<br>Baracken sind gro\u00dfe H\u00fctten mit sehr einfacher Einrichtung.<br>Die Baracken waren \u00fcberf\u00fcllt.<br>Darum wurde ein Zelt erg\u00e4nzt.<\/p>\n\n\n<div class=\"wp-block-image\">\n<figure class=\"alignright size-full is-resized\"><img loading=\"lazy\" decoding=\"async\" src=\"https:\/\/stolpersteine-mainz.de\/wp-content\/uploads\/2023\/02\/Bundesarchiv_Bild_183-1985-0417-15_Ravensbrueck_Konzentrationslager.jpg\" alt=\"\" class=\"wp-image-3825\" width=\"349\" height=\"242\" srcset=\"https:\/\/stolpersteine-mainz.de\/wp-content\/uploads\/2023\/02\/Bundesarchiv_Bild_183-1985-0417-15_Ravensbrueck_Konzentrationslager.jpg 878w, https:\/\/stolpersteine-mainz.de\/wp-content\/uploads\/2023\/02\/Bundesarchiv_Bild_183-1985-0417-15_Ravensbrueck_Konzentrationslager-300x209.jpg 300w, https:\/\/stolpersteine-mainz.de\/wp-content\/uploads\/2023\/02\/Bundesarchiv_Bild_183-1985-0417-15_Ravensbrueck_Konzentrationslager-768x534.jpg 768w, https:\/\/stolpersteine-mainz.de\/wp-content\/uploads\/2023\/02\/Bundesarchiv_Bild_183-1985-0417-15_Ravensbrueck_Konzentrationslager-150x104.jpg 150w\" sizes=\"auto, (max-width: 349px) 100vw, 349px\" \/><figcaption class=\"wp-element-caption\"><sup>Bundesarchiv, Bild 183-1985-0417-15 \/ CC-BY-SA 3.0, <a rel=\"noreferrer noopener\" href=\"https:\/\/commons.wikimedia.org\/wiki\/File:Bundesarchiv_Bild_183-1985-0417-15,_Ravensbr%C3%BCck,_Konzentrationslager.jpg\" target=\"_blank\">Commons Wikimedia<\/a><\/sup><\/figcaption><\/figure>\n<\/div>\n\n\n<p>Die H\u00e4ftlinge mussten Zwangs-Arbeit machen.<br>Zum Beispiel:<\/p>\n\n\n\n<ul class=\"wp-block-list\">\n<li>Die Frauen mussten im Hof schneidern<\/li>\n\n\n\n<li>Die Frauen mussten f\u00fcr die Firma<br><strong>Siemens und Halske<\/strong> Bauteile herstellen.<br>Zum Beispiel f\u00fcr Waffen und Telefone.<\/li>\n<\/ul>\n\n\n\n<br>\n\n\n\n<p>Das Lager Ravensbr\u00fcck gab es 6 Jahre.<br>Viele Menschen starben und es kamen neue.<br>Etwa 150 Tausend Menschen waren insgesamt im Lager.<br>Die meisten waren Frauen.<\/p>\n\n\n\n<p>Ab dem Jahr 1941 wurden viele Frauen erschossen.<br>Von Januar bis April 1945 wurden etwa 6 Tausend Frauen vergast.<br>Der Chef von dem Lager schickte 20 Tausend H\u00e4ftlinge<br>auf <a rel=\"noreferrer noopener\" href=\"https:\/\/stolpersteine-mainz.de\/index.php\/leichte-sprache\/wichtige-begriffe\/todes-marsch\/\" target=\"_blank\">Todes-M\u00e4rsche<\/a>.<br>Die <strong>Rote Armee<\/strong> befreite das Lager im April 1945.<br>Die Rote Armee fand 2 Tausend \u00dcberlebende.<br><strong>Rote Armee<\/strong> hie\u00df die Armee von dem Staat Sowjet-Union.<\/p>\n\n\n\n<br>\n\n\n\n<br>\n\n\n\n<div class=\"wp-block-file\"><a id=\"wp-block-file--media-dec06d4d-9ba3-491e-91a8-47ae07a67a59\" href=\"https:\/\/stolpersteine-mainz.de\/wp-content\/uploads\/2023\/02\/Philippine-Koch-Leichte-Sprache-V2-barrierefrei.pdf\" target=\"_blank\" rel=\"noreferrer noopener\">Hier finden Sie die barrierefreie PDF zum Herunterladen<\/a><a href=\"https:\/\/stolpersteine-mainz.de\/wp-content\/uploads\/2023\/02\/Philippine-Koch-Leichte-Sprache-V2-barrierefrei.pdf\" class=\"wp-block-file__button wp-element-button\" download aria-describedby=\"wp-block-file--media-dec06d4d-9ba3-491e-91a8-47ae07a67a59\">Herunterladen<\/a><\/div>\n","protected":false},"excerpt":{"rendered":"<p>Wichtige Infos \u00fcber das Leben vonPhilippine Koch: Philippine Koch wurde am 1. M\u00e4rz 1897 in Mainz geboren.Sie sagte \u00f6ffentlich,dass sie Hitler ablehnt.Das war verboten.Keiner durfte seine Meinung frei sagen.Keiner durfte schlecht \u00fcber Nazis oder den Staat reden.Das stand im Heimt\u00fccke-Gesetz.Es gab schlimme Strafen f\u00fcr politische Gegner. Das Sonder-Gericht Magdeburg verurteilte&#8230;<\/p>\n<p> <a class=\"continue-reading-link\" href=\"https:\/\/stolpersteine-mainz.de\/index.php\/leichte-sprache\/lebens-geschichten\/philippine-koch\/\"><span>mehr Infos<\/span><i class=\"crycon-right-dir\"><\/i><\/a> <\/p>\n","protected":false},"author":2,"featured_media":0,"parent":3942,"menu_order":0,"comment_status":"closed","ping_status":"closed","template":"","meta":{"ngg_post_thumbnail":0,"footnotes":""},"class_list":["post-3822","page","type-page","status-publish","hentry"],"_links":{"self":[{"href":"https:\/\/stolpersteine-mainz.de\/index.php\/wp-json\/wp\/v2\/pages\/3822","targetHints":{"allow":["GET"]}}],"collection":[{"href":"https:\/\/stolpersteine-mainz.de\/index.php\/wp-json\/wp\/v2\/pages"}],"about":[{"href":"https:\/\/stolpersteine-mainz.de\/index.php\/wp-json\/wp\/v2\/types\/page"}],"author":[{"embeddable":true,"href":"https:\/\/stolpersteine-mainz.de\/index.php\/wp-json\/wp\/v2\/users\/2"}],"replies":[{"embeddable":true,"href":"https:\/\/stolpersteine-mainz.de\/index.php\/wp-json\/wp\/v2\/comments?post=3822"}],"version-history":[{"count":20,"href":"https:\/\/stolpersteine-mainz.de\/index.php\/wp-json\/wp\/v2\/pages\/3822\/revisions"}],"predecessor-version":[{"id":4052,"href":"https:\/\/stolpersteine-mainz.de\/index.php\/wp-json\/wp\/v2\/pages\/3822\/revisions\/4052"}],"up":[{"embeddable":true,"href":"https:\/\/stolpersteine-mainz.de\/index.php\/wp-json\/wp\/v2\/pages\/3942"}],"wp:attachment":[{"href":"https:\/\/stolpersteine-mainz.de\/index.php\/wp-json\/wp\/v2\/media?parent=3822"}],"curies":[{"name":"wp","href":"https:\/\/api.w.org\/{rel}","templated":true}]}}