{"id":3820,"date":"2023-05-09T10:48:26","date_gmt":"2023-05-09T08:48:26","guid":{"rendered":"https:\/\/stolpersteine-mainz.de\/?page_id=3820"},"modified":"2023-05-09T10:48:27","modified_gmt":"2023-05-09T08:48:27","slug":"todes-marsch","status":"publish","type":"page","link":"https:\/\/stolpersteine-mainz.de\/index.php\/leichte-sprache\/wichtige-begriffe\/todes-marsch\/","title":{"rendered":"Todes-Marsch"},"content":{"rendered":"\n<br>\n\n\n\n<p>Todes-Marsch hei\u00dft:<br>Jemand zwingt eine Gruppe Menschen,<br>sehr weit zu laufen.<br>Dabei sterben viele Menschen.<br>Weil der Marsch anstrengend ist.<br>Und weil es <strong>nicht<\/strong> genug Essen und Wasser gibt.<br>Oft ist es auch sehr kalt.<\/p>\n\n\n\n<p>Ein Beispiel sind die Todes-M\u00e4rsche im 2. Weltkrieg.<br>Die H\u00e4ftlinge mussten von einem Lager in ein anderes laufen.<br>Dabei starben viele Menschen.<br>Der Grund von den Todes-M\u00e4rschen war:<br>Am Ende vom Krieg kamen die Alliierten.<br>Die <strong>Alliierten<\/strong> waren die Staaten:<\/p>\n\n\n\n<ul class=\"wp-block-list\">\n<li>Gro\u00dfbritannien<\/li>\n\n\n\n<li>USA<\/li>\n\n\n\n<li>Frankreich<\/li>\n\n\n\n<li>Sowjet-Union<\/li>\n<\/ul>\n\n\n\n<p>Die Alliierten befreiten die Gefangenen.<br>Das wollten die Nazis verhindern.<br>Darum schickten sie die Gefangenen in die Mitte von Deutschland.<br>Dort konnten die Nazis die Gefangenen noch ermorden.<\/p>\n","protected":false},"excerpt":{"rendered":"<p>Todes-Marsch hei\u00dft:Jemand zwingt eine Gruppe Menschen,sehr weit zu laufen.Dabei sterben viele Menschen.Weil der Marsch anstrengend ist.Und weil es nicht genug Essen und Wasser gibt.Oft ist es auch sehr kalt. Ein Beispiel sind die Todes-M\u00e4rsche im 2. Weltkrieg.Die H\u00e4ftlinge mussten von einem Lager in ein anderes laufen.Dabei starben viele Menschen.Der Grund&#8230;<\/p>\n<p> <a class=\"continue-reading-link\" href=\"https:\/\/stolpersteine-mainz.de\/index.php\/leichte-sprache\/wichtige-begriffe\/todes-marsch\/\"><span>mehr Infos<\/span><i class=\"crycon-right-dir\"><\/i><\/a> <\/p>\n","protected":false},"author":2,"featured_media":0,"parent":3770,"menu_order":0,"comment_status":"closed","ping_status":"closed","template":"","meta":{"ngg_post_thumbnail":0,"footnotes":""},"class_list":["post-3820","page","type-page","status-publish","hentry"],"_links":{"self":[{"href":"https:\/\/stolpersteine-mainz.de\/index.php\/wp-json\/wp\/v2\/pages\/3820","targetHints":{"allow":["GET"]}}],"collection":[{"href":"https:\/\/stolpersteine-mainz.de\/index.php\/wp-json\/wp\/v2\/pages"}],"about":[{"href":"https:\/\/stolpersteine-mainz.de\/index.php\/wp-json\/wp\/v2\/types\/page"}],"author":[{"embeddable":true,"href":"https:\/\/stolpersteine-mainz.de\/index.php\/wp-json\/wp\/v2\/users\/2"}],"replies":[{"embeddable":true,"href":"https:\/\/stolpersteine-mainz.de\/index.php\/wp-json\/wp\/v2\/comments?post=3820"}],"version-history":[{"count":1,"href":"https:\/\/stolpersteine-mainz.de\/index.php\/wp-json\/wp\/v2\/pages\/3820\/revisions"}],"predecessor-version":[{"id":3821,"href":"https:\/\/stolpersteine-mainz.de\/index.php\/wp-json\/wp\/v2\/pages\/3820\/revisions\/3821"}],"up":[{"embeddable":true,"href":"https:\/\/stolpersteine-mainz.de\/index.php\/wp-json\/wp\/v2\/pages\/3770"}],"wp:attachment":[{"href":"https:\/\/stolpersteine-mainz.de\/index.php\/wp-json\/wp\/v2\/media?parent=3820"}],"curies":[{"name":"wp","href":"https:\/\/api.w.org\/{rel}","templated":true}]}}