{"id":3818,"date":"2023-05-09T10:47:47","date_gmt":"2023-05-09T08:47:47","guid":{"rendered":"https:\/\/stolpersteine-mainz.de\/?page_id=3818"},"modified":"2023-05-09T10:47:48","modified_gmt":"2023-05-09T08:47:48","slug":"schutz-haft","status":"publish","type":"page","link":"https:\/\/stolpersteine-mainz.de\/index.php\/leichte-sprache\/wichtige-begriffe\/schutz-haft\/","title":{"rendered":"Schutz-Haft"},"content":{"rendered":"\n<br>\n\n\n\n<div class=\"wp-block-columns is-layout-flex wp-container-core-columns-is-layout-9d6595d7 wp-block-columns-is-layout-flex\">\n<div class=\"wp-block-column is-layout-flow wp-block-column-is-layout-flow\">\n<p>Der Begriff <strong>Schutz-Haft<\/strong> t\u00e4uscht.<br>Die B\u00fcrger sollten denken:<br>Der Gefangene wird vor sich selbst gesch\u00fctzt.<br>Und die Gesellschaft wird vor dem Gefangenen gesch\u00fctzt.<\/p>\n\n\n\n<p>Politische Gegner wurden verhaftet.<br>Es gab <strong>kein<\/strong> Urteil von einem Gericht.<br>Die Nazis sagten:<br>Wir wollen die Gefangenen von einer Straftat abhalten.<\/p>\n\n\n\n<p>Die Gefangenen wurden oft gequ\u00e4lt und get\u00f6tet.<\/p>\n<\/div>\n\n\n\n<div class=\"wp-block-column is-layout-flow wp-block-column-is-layout-flow\"><div class=\"wp-block-image\">\n<figure class=\"alignleft size-large is-resized\"><img loading=\"lazy\" decoding=\"async\" src=\"https:\/\/stolpersteine-mainz.de\/wp-content\/uploads\/2023\/02\/Gefaengnis-1-737x1024.png\" alt=\"\" class=\"wp-image-3796\" width=\"217\" height=\"301\" srcset=\"https:\/\/stolpersteine-mainz.de\/wp-content\/uploads\/2023\/02\/Gefaengnis-1-737x1024.png 737w, https:\/\/stolpersteine-mainz.de\/wp-content\/uploads\/2023\/02\/Gefaengnis-1-216x300.png 216w, https:\/\/stolpersteine-mainz.de\/wp-content\/uploads\/2023\/02\/Gefaengnis-1-768x1067.png 768w, https:\/\/stolpersteine-mainz.de\/wp-content\/uploads\/2023\/02\/Gefaengnis-1-108x150.png 108w, https:\/\/stolpersteine-mainz.de\/wp-content\/uploads\/2023\/02\/Gefaengnis-1.png 850w\" sizes=\"auto, (max-width: 217px) 100vw, 217px\" \/><figcaption class=\"wp-element-caption\"><sup>\u00a9 Inga Kramer, www.ingakramer.de<\/sup><\/figcaption><\/figure>\n<\/div><\/div>\n<\/div>\n","protected":false},"excerpt":{"rendered":"<p>Der Begriff Schutz-Haft t\u00e4uscht.Die B\u00fcrger sollten denken:Der Gefangene wird vor sich selbst gesch\u00fctzt.Und die Gesellschaft wird vor dem Gefangenen gesch\u00fctzt. Politische Gegner wurden verhaftet.Es gab kein Urteil von einem Gericht.Die Nazis sagten:Wir wollen die Gefangenen von einer Straftat abhalten. Die Gefangenen wurden oft gequ\u00e4lt und get\u00f6tet.<\/p>\n<p> <a class=\"continue-reading-link\" href=\"https:\/\/stolpersteine-mainz.de\/index.php\/leichte-sprache\/wichtige-begriffe\/schutz-haft\/\"><span>mehr Infos<\/span><i class=\"crycon-right-dir\"><\/i><\/a> <\/p>\n","protected":false},"author":2,"featured_media":0,"parent":3770,"menu_order":0,"comment_status":"closed","ping_status":"closed","template":"","meta":{"ngg_post_thumbnail":0,"footnotes":""},"class_list":["post-3818","page","type-page","status-publish","hentry"],"_links":{"self":[{"href":"https:\/\/stolpersteine-mainz.de\/index.php\/wp-json\/wp\/v2\/pages\/3818","targetHints":{"allow":["GET"]}}],"collection":[{"href":"https:\/\/stolpersteine-mainz.de\/index.php\/wp-json\/wp\/v2\/pages"}],"about":[{"href":"https:\/\/stolpersteine-mainz.de\/index.php\/wp-json\/wp\/v2\/types\/page"}],"author":[{"embeddable":true,"href":"https:\/\/stolpersteine-mainz.de\/index.php\/wp-json\/wp\/v2\/users\/2"}],"replies":[{"embeddable":true,"href":"https:\/\/stolpersteine-mainz.de\/index.php\/wp-json\/wp\/v2\/comments?post=3818"}],"version-history":[{"count":1,"href":"https:\/\/stolpersteine-mainz.de\/index.php\/wp-json\/wp\/v2\/pages\/3818\/revisions"}],"predecessor-version":[{"id":3819,"href":"https:\/\/stolpersteine-mainz.de\/index.php\/wp-json\/wp\/v2\/pages\/3818\/revisions\/3819"}],"up":[{"embeddable":true,"href":"https:\/\/stolpersteine-mainz.de\/index.php\/wp-json\/wp\/v2\/pages\/3770"}],"wp:attachment":[{"href":"https:\/\/stolpersteine-mainz.de\/index.php\/wp-json\/wp\/v2\/media?parent=3818"}],"curies":[{"name":"wp","href":"https:\/\/api.w.org\/{rel}","templated":true}]}}

<br>



<div class="wp-block-columns is-layout-flex wp-container-core-columns-is-layout-9d6595d7 wp-block-columns-is-layout-flex">
<div class="wp-block-column is-layout-flow wp-block-column-is-layout-flow">
<p>Der Begriff <strong>Schutz-Haft</strong> täuscht.<br>Die Bürger sollten denken:<br>Der Gefangene wird vor sich selbst geschützt.<br>Und die Gesellschaft wird vor dem Gefangenen geschützt.</p>



<p>Politische Gegner wurden verhaftet.<br>Es gab <strong>kein</strong> Urteil von einem Gericht.<br>Die Nazis sagten:<br>Wir wollen die Gefangenen von einer Straftat abhalten.</p>



<p>Die Gefangenen wurden oft gequält und getötet.</p>
</div>



<div class="wp-block-column is-layout-flow wp-block-column-is-layout-flow"><div class="wp-block-image">
<figure class="alignleft size-large is-resized"><img loading="lazy" decoding="async" src="https://stolpersteine-mainz.de/wp-content/uploads/2023/02/Gefaengnis-1-737x1024.png" alt="" class="wp-image-3796" width="217" height="301" srcset="https://stolpersteine-mainz.de/wp-content/uploads/2023/02/Gefaengnis-1-737x1024.png 737w, https://stolpersteine-mainz.de/wp-content/uploads/2023/02/Gefaengnis-1-216x300.png 216w, https://stolpersteine-mainz.de/wp-content/uploads/2023/02/Gefaengnis-1-768x1067.png 768w, https://stolpersteine-mainz.de/wp-content/uploads/2023/02/Gefaengnis-1-108x150.png 108w, https://stolpersteine-mainz.de/wp-content/uploads/2023/02/Gefaengnis-1.png 850w" sizes="auto, (max-width: 217px) 100vw, 217px" /><figcaption class="wp-element-caption"><sup>© Inga Kramer, www.ingakramer.de</sup></figcaption></figure>
</div></div>
</div>

<p>Der Begriff Schutz-Haft täuscht.Die Bürger sollten denken:Der Gefangene wird vor sich selbst geschützt.Und die Gesellschaft wird vor dem Gefangenen geschützt. Politische Gegner wurden verhaftet.Es gab kein Urteil von einem Gericht.Die Nazis sagten:Wir wollen die Gefangenen von einer Straftat abhalten. Die Gefangenen wurden oft gequält und getötet.</p>
<p> <a class="continue-reading-link" href="https://stolpersteine-mainz.de/index.php/leichte-sprache/wichtige-begriffe/schutz-haft/"><span>mehr Infos</span><i class="crycon-right-dir"></i></a> </p>
