{"id":3814,"date":"2023-05-09T10:47:15","date_gmt":"2023-05-09T08:47:15","guid":{"rendered":"https:\/\/stolpersteine-mainz.de\/?page_id=3814"},"modified":"2023-05-09T10:47:15","modified_gmt":"2023-05-09T08:47:15","slug":"macht-uebernahme","status":"publish","type":"page","link":"https:\/\/stolpersteine-mainz.de\/index.php\/leichte-sprache\/wichtige-begriffe\/macht-uebernahme\/","title":{"rendered":"Macht-\u00dcbernahme"},"content":{"rendered":"\n<br>\n\n\n\n<div class=\"wp-block-columns is-layout-flex wp-container-core-columns-is-layout-9d6595d7 wp-block-columns-is-layout-flex\">\n<div class=\"wp-block-column is-layout-flow wp-block-column-is-layout-flow\">\n<p>Die Macht-\u00dcbernahme war am 30. Januar 1933.<br>An dem Tag wurde Adolf Hitler Reichs-Kanzler.<br>Ab da gab es eine Diktatur in Deutschland.<br>Das hei\u00dft:<br>Hitler allein hatte die Macht.<br>Das Volk hatte <strong>keine<\/strong> Macht mehr.<\/p>\n\n\n\n<p>Mehr als 2 Tausend Mainzer demonstrierten gegen die Macht-\u00dcbernahme.<br>Es gab K\u00e4mpfe mit den Nazis.<br>Aber die Nazis haben die Macht-\u00dcbernahme durchgesetzt.<\/p>\n<\/div>\n\n\n\n<div class=\"wp-block-column is-layout-flow wp-block-column-is-layout-flow\"><div class=\"wp-block-image\">\n<figure class=\"alignleft size-large is-resized\"><img loading=\"lazy\" decoding=\"async\" src=\"https:\/\/stolpersteine-mainz.de\/wp-content\/uploads\/2023\/02\/Protestieren-1024x1024.png\" alt=\"\" class=\"wp-image-3784\" width=\"265\" height=\"265\" srcset=\"https:\/\/stolpersteine-mainz.de\/wp-content\/uploads\/2023\/02\/Protestieren-1024x1024.png 1024w, https:\/\/stolpersteine-mainz.de\/wp-content\/uploads\/2023\/02\/Protestieren-300x300.png 300w, https:\/\/stolpersteine-mainz.de\/wp-content\/uploads\/2023\/02\/Protestieren-150x150.png 150w, https:\/\/stolpersteine-mainz.de\/wp-content\/uploads\/2023\/02\/Protestieren-768x768.png 768w, https:\/\/stolpersteine-mainz.de\/wp-content\/uploads\/2023\/02\/Protestieren.png 1181w\" sizes=\"auto, (max-width: 265px) 100vw, 265px\" \/><figcaption class=\"wp-element-caption\"><sup>\u00a9 Inga Kramer, www.ingakramer.de<\/sup><\/figcaption><\/figure>\n<\/div><\/div>\n<\/div>\n","protected":false},"excerpt":{"rendered":"<p>Die Macht-\u00dcbernahme war am 30. Januar 1933.An dem Tag wurde Adolf Hitler Reichs-Kanzler.Ab da gab es eine Diktatur in Deutschland.Das hei\u00dft:Hitler allein hatte die Macht.Das Volk hatte keine Macht mehr. Mehr als 2 Tausend Mainzer demonstrierten gegen die Macht-\u00dcbernahme.Es gab K\u00e4mpfe mit den Nazis.Aber die Nazis haben die Macht-\u00dcbernahme durchgesetzt.<\/p>\n<p> <a class=\"continue-reading-link\" href=\"https:\/\/stolpersteine-mainz.de\/index.php\/leichte-sprache\/wichtige-begriffe\/macht-uebernahme\/\"><span>mehr Infos<\/span><i class=\"crycon-right-dir\"><\/i><\/a> <\/p>\n","protected":false},"author":2,"featured_media":0,"parent":3770,"menu_order":0,"comment_status":"closed","ping_status":"closed","template":"","meta":{"ngg_post_thumbnail":0,"footnotes":""},"class_list":["post-3814","page","type-page","status-publish","hentry"],"_links":{"self":[{"href":"https:\/\/stolpersteine-mainz.de\/index.php\/wp-json\/wp\/v2\/pages\/3814","targetHints":{"allow":["GET"]}}],"collection":[{"href":"https:\/\/stolpersteine-mainz.de\/index.php\/wp-json\/wp\/v2\/pages"}],"about":[{"href":"https:\/\/stolpersteine-mainz.de\/index.php\/wp-json\/wp\/v2\/types\/page"}],"author":[{"embeddable":true,"href":"https:\/\/stolpersteine-mainz.de\/index.php\/wp-json\/wp\/v2\/users\/2"}],"replies":[{"embeddable":true,"href":"https:\/\/stolpersteine-mainz.de\/index.php\/wp-json\/wp\/v2\/comments?post=3814"}],"version-history":[{"count":1,"href":"https:\/\/stolpersteine-mainz.de\/index.php\/wp-json\/wp\/v2\/pages\/3814\/revisions"}],"predecessor-version":[{"id":3815,"href":"https:\/\/stolpersteine-mainz.de\/index.php\/wp-json\/wp\/v2\/pages\/3814\/revisions\/3815"}],"up":[{"embeddable":true,"href":"https:\/\/stolpersteine-mainz.de\/index.php\/wp-json\/wp\/v2\/pages\/3770"}],"wp:attachment":[{"href":"https:\/\/stolpersteine-mainz.de\/index.php\/wp-json\/wp\/v2\/media?parent=3814"}],"curies":[{"name":"wp","href":"https:\/\/api.w.org\/{rel}","templated":true}]}}

Macht-Übernahme

<br>



<div class="wp-block-columns is-layout-flex wp-container-core-columns-is-layout-9d6595d7 wp-block-columns-is-layout-flex">
<div class="wp-block-column is-layout-flow wp-block-column-is-layout-flow">
<p>Die Macht-Übernahme war am 30. Januar 1933.<br>An dem Tag wurde Adolf Hitler Reichs-Kanzler.<br>Ab da gab es eine Diktatur in Deutschland.<br>Das heißt:<br>Hitler allein hatte die Macht.<br>Das Volk hatte <strong>keine</strong> Macht mehr.</p>



<p>Mehr als 2 Tausend Mainzer demonstrierten gegen die Macht-Übernahme.<br>Es gab Kämpfe mit den Nazis.<br>Aber die Nazis haben die Macht-Übernahme durchgesetzt.</p>
</div>



<div class="wp-block-column is-layout-flow wp-block-column-is-layout-flow"><div class="wp-block-image">
<figure class="alignleft size-large is-resized"><img loading="lazy" decoding="async" src="https://stolpersteine-mainz.de/wp-content/uploads/2023/02/Protestieren-1024x1024.png" alt="" class="wp-image-3784" width="265" height="265" srcset="https://stolpersteine-mainz.de/wp-content/uploads/2023/02/Protestieren-1024x1024.png 1024w, https://stolpersteine-mainz.de/wp-content/uploads/2023/02/Protestieren-300x300.png 300w, https://stolpersteine-mainz.de/wp-content/uploads/2023/02/Protestieren-150x150.png 150w, https://stolpersteine-mainz.de/wp-content/uploads/2023/02/Protestieren-768x768.png 768w, https://stolpersteine-mainz.de/wp-content/uploads/2023/02/Protestieren.png 1181w" sizes="auto, (max-width: 265px) 100vw, 265px" /><figcaption class="wp-element-caption"><sup>© Inga Kramer, www.ingakramer.de</sup></figcaption></figure>
</div></div>
</div>

<p>Die Macht-Übernahme war am 30. Januar 1933.An dem Tag wurde Adolf Hitler Reichs-Kanzler.Ab da gab es eine Diktatur in Deutschland.Das heißt:Hitler allein hatte die Macht.Das Volk hatte keine Macht mehr. Mehr als 2 Tausend Mainzer demonstrierten gegen die Macht-Übernahme.Es gab Kämpfe mit den Nazis.Aber die Nazis haben die Macht-Übernahme durchgesetzt.</p>
<p> <a class="continue-reading-link" href="https://stolpersteine-mainz.de/index.php/leichte-sprache/wichtige-begriffe/macht-uebernahme/"><span>mehr Infos</span><i class="crycon-right-dir"></i></a> </p>
