{"id":3770,"date":"2023-05-09T10:36:41","date_gmt":"2023-05-09T08:36:41","guid":{"rendered":"https:\/\/stolpersteine-mainz.de\/?page_id=3770"},"modified":"2023-05-09T10:49:54","modified_gmt":"2023-05-09T08:49:54","slug":"wichtige-begriffe","status":"publish","type":"page","link":"https:\/\/stolpersteine-mainz.de\/index.php\/leichte-sprache\/wichtige-begriffe\/","title":{"rendered":"Wichtige Begriffe"},"content":{"rendered":"\n<br>\n\n\n\n<h5 class=\"wp-block-heading\"><strong>Antisemitisch<\/strong><\/h5>\n\n\n\n<br>\n\n\n\n<p>Antisemitisch meint: jemand hasst Juden.<\/p>\n\n\n\n<br>\n\n\n\n<h5 class=\"wp-block-heading\"><strong>Deportieren<\/strong><\/h5>\n\n\n\n<br>\n\n\n\n<div class=\"wp-block-columns is-layout-flex wp-container-core-columns-is-layout-9d6595d7 wp-block-columns-is-layout-flex\">\n<div class=\"wp-block-column is-layout-flow wp-block-column-is-layout-flow\">\n<p>Deportieren hei\u00dft: wegbringen.<br>Man sagt <strong>deportieren<\/strong>,<br>wenn Personen gegen ihren Willen weggebracht werden.<br>Zum Bespiel politische Gegner.<br>Oder ganze Volks-Gruppen.<br>Im 2. Weltkrieg wurden viele Menschen deportiert.<br>Sie wurden in Lager gebracht und meistens ermordet.<\/p>\n<\/div>\n\n\n\n<div class=\"wp-block-column is-layout-flow wp-block-column-is-layout-flow\">\n<figure class=\"wp-block-image size-full is-resized\"><img loading=\"lazy\" decoding=\"async\" src=\"https:\/\/stolpersteine-mainz.de\/wp-content\/uploads\/2023\/02\/Umschlagplatz_loading.jpg\" alt=\"\" class=\"wp-image-3775\" width=\"498\" height=\"354\" srcset=\"https:\/\/stolpersteine-mainz.de\/wp-content\/uploads\/2023\/02\/Umschlagplatz_loading.jpg 674w, https:\/\/stolpersteine-mainz.de\/wp-content\/uploads\/2023\/02\/Umschlagplatz_loading-300x214.jpg 300w, https:\/\/stolpersteine-mainz.de\/wp-content\/uploads\/2023\/02\/Umschlagplatz_loading-150x107.jpg 150w\" sizes=\"auto, (max-width: 498px) 100vw, 498px\" \/><figcaption class=\"wp-element-caption\"><sup>Autor\/-in unbekannt: USHMM, Gemeinfrei, <a href=\"https:\/\/commons.wikimedia.org\/w\/index.php?curid=114252\">https:\/\/commons.wikimedia.org\/w\/index.php?curid=114252<\/a><\/sup><\/figcaption><\/figure>\n<\/div>\n<\/div>\n\n\n\n<div class=\"wp-block-columns is-layout-flex wp-container-core-columns-is-layout-9d6595d7 wp-block-columns-is-layout-flex\">\n<div class=\"wp-block-column is-layout-flow wp-block-column-is-layout-flow\" style=\"flex-basis:100%\">\n<br>\n<\/div>\n<\/div>\n\n\n\n<h5 class=\"wp-block-heading\"><strong>Holocaust<\/strong><\/h5>\n\n\n\n<br>\n\n\n\n<p>Holocaust hei\u00dft: Eine gro\u00dfe Gruppe Menschen wird ermordet.<br>Holocaust ist ein anderes Wort f\u00fcr <strong>V\u00f6lkermord.<\/strong><br>Seit dem 2. Weltkrieg meint Holocaust haupts\u00e4chlich<br>die Ermordung von Juden.<\/p>\n\n\n\n<br>\n\n\n\n<h5 class=\"wp-block-heading\"><strong>Konzentrations-Lager<\/strong><\/h5>\n\n\n\n<br>\n\n\n\n<p>Konzentrations-Lager gab es zwischen den Jahren 1936 und 1943.<\/p>\n\n\n\n<div class=\"wp-block-columns is-layout-flex wp-container-core-columns-is-layout-9d6595d7 wp-block-columns-is-layout-flex\">\n<div class=\"wp-block-column is-layout-flow wp-block-column-is-layout-flow\">\n<p>Ein Konzentrations-Lager war ein Lager f\u00fcr Gefangene.<br>Die Gefangenen wurden gequ\u00e4lt und get\u00f6tet.<br>Sie mussten schwer arbeiten.<br>Sie bekamen wenig Essen.<br>Es gab viele Krankheiten.<br>Im Konzentrations-Lager waren zum Beispiel:<\/p>\n\n\n\n<ul class=\"wp-block-list\">\n<li>Juden<\/li>\n\n\n\n<li>Politische Gegner<\/li>\n\n\n\n<li>Schwule<\/li>\n\n\n\n<li>Sinti und Roma<br><strong>Sinti und Roma<\/strong> sind Bev\u00f6lkerungs-Gruppen aus Europa.<\/li>\n<\/ul>\n<\/div>\n\n\n\n<div class=\"wp-block-column is-layout-flow wp-block-column-is-layout-flow\"><div class=\"wp-block-image\">\n<figure class=\"alignleft size-full\"><img loading=\"lazy\" decoding=\"async\" width=\"960\" height=\"640\" src=\"https:\/\/stolpersteine-mainz.de\/wp-content\/uploads\/2023\/02\/auschwitz-4872532_960_720.jpg\" alt=\"\" class=\"wp-image-3781\" srcset=\"https:\/\/stolpersteine-mainz.de\/wp-content\/uploads\/2023\/02\/auschwitz-4872532_960_720.jpg 960w, https:\/\/stolpersteine-mainz.de\/wp-content\/uploads\/2023\/02\/auschwitz-4872532_960_720-300x200.jpg 300w, https:\/\/stolpersteine-mainz.de\/wp-content\/uploads\/2023\/02\/auschwitz-4872532_960_720-768x512.jpg 768w, https:\/\/stolpersteine-mainz.de\/wp-content\/uploads\/2023\/02\/auschwitz-4872532_960_720-150x100.jpg 150w\" sizes=\"auto, (max-width: 960px) 100vw, 960px\" \/><figcaption class=\"wp-element-caption\"><sup><a href=\"https:\/\/pixabay.com\/de\/users\/adamhilltravel-7696447\/?utm_source=link-attribution&amp;utm_medium=referral&amp;utm_campaign=image&amp;utm_content=4872532&quot;&gt;Adam Hill<\/a&gt; auf <a href=&quot;https:\/\/pixabay.com\/de\/\/?utm_source=link-attribution&amp;utm_medium=referral&amp;utm_campaign=image&amp;utm_content=4872532&quot;&gt;Pixabay\" target=\"_blank\" rel=\"noreferrer noopener\">\u00a9 pixabay<\/a><\/sup><\/figcaption><\/figure>\n<\/div><\/div>\n<\/div>\n\n\n\n<br>\n\n\n\n<h5 class=\"wp-block-heading\"><strong>Macht-\u00dcbernahme<\/strong><\/h5>\n\n\n\n<br>\n\n\n\n<div class=\"wp-block-columns is-layout-flex wp-container-core-columns-is-layout-9d6595d7 wp-block-columns-is-layout-flex\">\n<div class=\"wp-block-column is-layout-flow wp-block-column-is-layout-flow\">\n<p>Die Macht-\u00dcbernahme war am 30. Januar 1933.<br>An dem Tag wurde Adolf Hitler Reichs-Kanzler.<br>Ab da gab es eine Diktatur in Deutschland.<br>Das hei\u00dft:<br>Hitler allein hatte die Macht.<br>Das Volk hatte <strong>keine<\/strong> Macht mehr.<\/p>\n\n\n\n<p>Mehr als 2 Tausend Mainzer demonstrierten gegen die Macht-\u00dcbernahme.<br>Es gab K\u00e4mpfe mit den Nazis.<br>Aber die Nazis haben die Macht-\u00dcbernahme durchgesetzt.<\/p>\n<\/div>\n\n\n\n<div class=\"wp-block-column is-layout-flow wp-block-column-is-layout-flow\"><div class=\"wp-block-image\">\n<figure class=\"alignleft size-large is-resized\"><img loading=\"lazy\" decoding=\"async\" src=\"https:\/\/stolpersteine-mainz.de\/wp-content\/uploads\/2023\/02\/Protestieren-1024x1024.png\" alt=\"\" class=\"wp-image-3784\" width=\"265\" height=\"265\" srcset=\"https:\/\/stolpersteine-mainz.de\/wp-content\/uploads\/2023\/02\/Protestieren-1024x1024.png 1024w, https:\/\/stolpersteine-mainz.de\/wp-content\/uploads\/2023\/02\/Protestieren-300x300.png 300w, https:\/\/stolpersteine-mainz.de\/wp-content\/uploads\/2023\/02\/Protestieren-150x150.png 150w, https:\/\/stolpersteine-mainz.de\/wp-content\/uploads\/2023\/02\/Protestieren-768x768.png 768w, https:\/\/stolpersteine-mainz.de\/wp-content\/uploads\/2023\/02\/Protestieren.png 1181w\" sizes=\"auto, (max-width: 265px) 100vw, 265px\" \/><figcaption class=\"wp-element-caption\"><sup>\u00a9 Inga Kramer, www.ingakramer.de<\/sup><\/figcaption><\/figure>\n<\/div><\/div>\n<\/div>\n\n\n\n<br>\n\n\n\n<h5 class=\"wp-block-heading\"><strong>Nazi<\/strong><\/h5>\n\n\n\n<br>\n\n\n\n<p><strong>Nazi <\/strong>ist die Kurzform von National-Sozialist.<br>Nazis waren Mitglieder in Hitlers Partei.<br>Die Partei hie\u00df NSDAP.<br>Das ist die Abk\u00fcrzung von<br>National-Sozialistische Deutsche Arbeiter-Partei.<br>Nazis waren fremdenfeindlich.<br>Sie glaubten:<br>Das deutsche Volk ist mehr wert als andere V\u00f6lker.<br>Nazis waren brutal und menschen-verachtend.<\/p>\n\n\n\n<br>\n\n\n\n<h5 class=\"wp-block-heading\"><strong>Schutz-Haft<\/strong><\/h5>\n\n\n\n<br>\n\n\n\n<div class=\"wp-block-columns is-layout-flex wp-container-core-columns-is-layout-9d6595d7 wp-block-columns-is-layout-flex\">\n<div class=\"wp-block-column is-layout-flow wp-block-column-is-layout-flow\">\n<p>Der Begriff <strong>Schutz-Haft<\/strong> t\u00e4uscht.<br>Die B\u00fcrger sollten denken:<br>Der Gefangene wird vor sich selbst gesch\u00fctzt.<br>Und die Gesellschaft wird vor dem Gefangenen gesch\u00fctzt.<\/p>\n\n\n\n<p>Politische Gegner wurden verhaftet.<br>Es gab <strong>kein<\/strong> Urteil von einem Gericht.<br>Die Nazis sagten:<br>Wir wollen die Gefangenen von einer Straftat abhalten.<\/p>\n\n\n\n<p>Die Gefangenen wurden oft gequ\u00e4lt und get\u00f6tet.<\/p>\n<\/div>\n\n\n\n<div class=\"wp-block-column is-layout-flow wp-block-column-is-layout-flow\"><div class=\"wp-block-image\">\n<figure class=\"alignleft size-large is-resized\"><img loading=\"lazy\" decoding=\"async\" src=\"https:\/\/stolpersteine-mainz.de\/wp-content\/uploads\/2023\/02\/Gefaengnis-1-737x1024.png\" alt=\"\" class=\"wp-image-3796\" width=\"217\" height=\"301\" srcset=\"https:\/\/stolpersteine-mainz.de\/wp-content\/uploads\/2023\/02\/Gefaengnis-1-737x1024.png 737w, https:\/\/stolpersteine-mainz.de\/wp-content\/uploads\/2023\/02\/Gefaengnis-1-216x300.png 216w, https:\/\/stolpersteine-mainz.de\/wp-content\/uploads\/2023\/02\/Gefaengnis-1-768x1067.png 768w, https:\/\/stolpersteine-mainz.de\/wp-content\/uploads\/2023\/02\/Gefaengnis-1-108x150.png 108w, https:\/\/stolpersteine-mainz.de\/wp-content\/uploads\/2023\/02\/Gefaengnis-1.png 850w\" sizes=\"auto, (max-width: 217px) 100vw, 217px\" \/><figcaption class=\"wp-element-caption\"><sup>\u00a9 Inga Kramer, www.ingakramer.de<\/sup><\/figcaption><\/figure>\n<\/div><\/div>\n<\/div>\n\n\n\n<br>\n\n\n\n<h5 class=\"wp-block-heading\"><strong>Todes-Marsch<\/strong><\/h5>\n\n\n\n<br>\n\n\n\n<p>Todes-Marsch hei\u00dft:<br>Jemand zwingt eine Gruppe Menschen,<br>sehr weit zu laufen.<br>Dabei sterben viele Menschen.<br>Weil der Marsch anstrengend ist.<br>Und weil es <strong>nicht<\/strong> genug Essen und Wasser gibt.<br>Oft ist es auch sehr kalt.<\/p>\n\n\n\n<p>Ein Beispiel sind die Todes-M\u00e4rsche im 2. Weltkrieg.<br>Die H\u00e4ftlinge mussten von einem Lager in ein anderes laufen.<br>Dabei starben viele Menschen.<br>Der Grund von den Todes-M\u00e4rschen war:<br>Am Ende vom Krieg kamen die Alliierten.<br>Die <strong>Alliierten<\/strong> waren die Staaten:<\/p>\n\n\n\n<ul class=\"wp-block-list\">\n<li>Gro\u00dfbritannien<\/li>\n\n\n\n<li>USA<\/li>\n\n\n\n<li>Frankreich<\/li>\n\n\n\n<li>Sowjet-Union<\/li>\n<\/ul>\n\n\n\n<p>Die Alliierten befreiten die Gefangenen.<br>Das wollten die Nazis verhindern.<br>Darum schickten sie die Gefangenen in die Mitte von Deutschland.<br>Dort konnten die Nazis die Gefangenen noch ermorden.<\/p>\n","protected":false},"excerpt":{"rendered":"<p>Antisemitisch Antisemitisch meint: jemand hasst Juden. Deportieren Deportieren hei\u00dft: wegbringen.Man sagt deportieren,wenn Personen gegen ihren Willen weggebracht werden.Zum Bespiel politische Gegner.Oder ganze Volks-Gruppen.Im 2. Weltkrieg wurden viele Menschen deportiert.Sie wurden in Lager gebracht und meistens ermordet. Holocaust Holocaust hei\u00dft: Eine gro\u00dfe Gruppe Menschen wird ermordet.Holocaust ist ein anderes Wort f\u00fcr&#8230;<\/p>\n<p> <a class=\"continue-reading-link\" href=\"https:\/\/stolpersteine-mainz.de\/index.php\/leichte-sprache\/wichtige-begriffe\/\"><span>mehr Infos<\/span><i class=\"crycon-right-dir\"><\/i><\/a> <\/p>\n","protected":false},"author":2,"featured_media":0,"parent":3665,"menu_order":0,"comment_status":"closed","ping_status":"closed","template":"","meta":{"ngg_post_thumbnail":0,"footnotes":""},"class_list":["post-3770","page","type-page","status-publish","hentry"],"_links":{"self":[{"href":"https:\/\/stolpersteine-mainz.de\/index.php\/wp-json\/wp\/v2\/pages\/3770","targetHints":{"allow":["GET"]}}],"collection":[{"href":"https:\/\/stolpersteine-mainz.de\/index.php\/wp-json\/wp\/v2\/pages"}],"about":[{"href":"https:\/\/stolpersteine-mainz.de\/index.php\/wp-json\/wp\/v2\/types\/page"}],"author":[{"embeddable":true,"href":"https:\/\/stolpersteine-mainz.de\/index.php\/wp-json\/wp\/v2\/users\/2"}],"replies":[{"embeddable":true,"href":"https:\/\/stolpersteine-mainz.de\/index.php\/wp-json\/wp\/v2\/comments?post=3770"}],"version-history":[{"count":14,"href":"https:\/\/stolpersteine-mainz.de\/index.php\/wp-json\/wp\/v2\/pages\/3770\/revisions"}],"predecessor-version":[{"id":3962,"href":"https:\/\/stolpersteine-mainz.de\/index.php\/wp-json\/wp\/v2\/pages\/3770\/revisions\/3962"}],"up":[{"embeddable":true,"href":"https:\/\/stolpersteine-mainz.de\/index.php\/wp-json\/wp\/v2\/pages\/3665"}],"wp:attachment":[{"href":"https:\/\/stolpersteine-mainz.de\/index.php\/wp-json\/wp\/v2\/media?parent=3770"}],"curies":[{"name":"wp","href":"https:\/\/api.w.org\/{rel}","templated":true}]}}

<br>



<h5 class="wp-block-heading"><strong>Antisemitisch</strong></h5>



<br>



<p>Antisemitisch meint: jemand hasst Juden.</p>



<br>



<h5 class="wp-block-heading"><strong>Deportieren</strong></h5>



<br>



<div class="wp-block-columns is-layout-flex wp-container-core-columns-is-layout-9d6595d7 wp-block-columns-is-layout-flex">
<div class="wp-block-column is-layout-flow wp-block-column-is-layout-flow">
<p>Deportieren heißt: wegbringen.<br>Man sagt <strong>deportieren</strong>,<br>wenn Personen gegen ihren Willen weggebracht werden.<br>Zum Bespiel politische Gegner.<br>Oder ganze Volks-Gruppen.<br>Im 2. Weltkrieg wurden viele Menschen deportiert.<br>Sie wurden in Lager gebracht und meistens ermordet.</p>
</div>



<div class="wp-block-column is-layout-flow wp-block-column-is-layout-flow">
<figure class="wp-block-image size-full is-resized"><img loading="lazy" decoding="async" src="https://stolpersteine-mainz.de/wp-content/uploads/2023/02/Umschlagplatz_loading.jpg" alt="" class="wp-image-3775" width="498" height="354" srcset="https://stolpersteine-mainz.de/wp-content/uploads/2023/02/Umschlagplatz_loading.jpg 674w, https://stolpersteine-mainz.de/wp-content/uploads/2023/02/Umschlagplatz_loading-300x214.jpg 300w, https://stolpersteine-mainz.de/wp-content/uploads/2023/02/Umschlagplatz_loading-150x107.jpg 150w" sizes="auto, (max-width: 498px) 100vw, 498px" /><figcaption class="wp-element-caption"><sup>Autor/-in unbekannt: USHMM, Gemeinfrei, <a href="https://commons.wikimedia.org/w/index.php?curid=114252">https://commons.wikimedia.org/w/index.php?curid=114252</a></sup></figcaption></figure>
</div>
</div>



<div class="wp-block-columns is-layout-flex wp-container-core-columns-is-layout-9d6595d7 wp-block-columns-is-layout-flex">
<div class="wp-block-column is-layout-flow wp-block-column-is-layout-flow" style="flex-basis:100%">
<br>
</div>
</div>



<h5 class="wp-block-heading"><strong>Holocaust</strong></h5>



<br>



<p>Holocaust heißt: Eine große Gruppe Menschen wird ermordet.<br>Holocaust ist ein anderes Wort für <strong>Völkermord.</strong><br>Seit dem 2. Weltkrieg meint Holocaust hauptsächlich<br>die Ermordung von Juden.</p>



<br>



<h5 class="wp-block-heading"><strong>Konzentrations-Lager</strong></h5>



<br>



<p>Konzentrations-Lager gab es zwischen den Jahren 1936 und 1943.</p>



<div class="wp-block-columns is-layout-flex wp-container-core-columns-is-layout-9d6595d7 wp-block-columns-is-layout-flex">
<div class="wp-block-column is-layout-flow wp-block-column-is-layout-flow">
<p>Ein Konzentrations-Lager war ein Lager für Gefangene.<br>Die Gefangenen wurden gequält und getötet.<br>Sie mussten schwer arbeiten.<br>Sie bekamen wenig Essen.<br>Es gab viele Krankheiten.<br>Im Konzentrations-Lager waren zum Beispiel:</p>



<ul class="wp-block-list">
<li>Juden</li>



<li>Politische Gegner</li>



<li>Schwule</li>



<li>Sinti und Roma<br><strong>Sinti und Roma</strong> sind Bevölkerungs-Gruppen aus Europa.</li>
</ul>
</div>



<div class="wp-block-column is-layout-flow wp-block-column-is-layout-flow"><div class="wp-block-image">
<figure class="alignleft size-full"><img loading="lazy" decoding="async" width="960" height="640" src="https://stolpersteine-mainz.de/wp-content/uploads/2023/02/auschwitz-4872532_960_720.jpg" alt="" class="wp-image-3781" srcset="https://stolpersteine-mainz.de/wp-content/uploads/2023/02/auschwitz-4872532_960_720.jpg 960w, https://stolpersteine-mainz.de/wp-content/uploads/2023/02/auschwitz-4872532_960_720-300x200.jpg 300w, https://stolpersteine-mainz.de/wp-content/uploads/2023/02/auschwitz-4872532_960_720-768x512.jpg 768w, https://stolpersteine-mainz.de/wp-content/uploads/2023/02/auschwitz-4872532_960_720-150x100.jpg 150w" sizes="auto, (max-width: 960px) 100vw, 960px" /><figcaption class="wp-element-caption"><sup><a href="https://pixabay.com/de/users/adamhilltravel-7696447/?utm_source=link-attribution&amp;utm_medium=referral&amp;utm_campaign=image&amp;utm_content=4872532&quot;&gt;Adam Hill</a&gt; auf <a href=&quot;https://pixabay.com/de//?utm_source=link-attribution&amp;utm_medium=referral&amp;utm_campaign=image&amp;utm_content=4872532&quot;&gt;Pixabay" target="_blank" rel="noreferrer noopener">© pixabay</a></sup></figcaption></figure>
</div></div>
</div>



<br>



<h5 class="wp-block-heading"><strong>Macht-Übernahme</strong></h5>



<br>



<div class="wp-block-columns is-layout-flex wp-container-core-columns-is-layout-9d6595d7 wp-block-columns-is-layout-flex">
<div class="wp-block-column is-layout-flow wp-block-column-is-layout-flow">
<p>Die Macht-Übernahme war am 30. Januar 1933.<br>An dem Tag wurde Adolf Hitler Reichs-Kanzler.<br>Ab da gab es eine Diktatur in Deutschland.<br>Das heißt:<br>Hitler allein hatte die Macht.<br>Das Volk hatte <strong>keine</strong> Macht mehr.</p>



<p>Mehr als 2 Tausend Mainzer demonstrierten gegen die Macht-Übernahme.<br>Es gab Kämpfe mit den Nazis.<br>Aber die Nazis haben die Macht-Übernahme durchgesetzt.</p>
</div>



<div class="wp-block-column is-layout-flow wp-block-column-is-layout-flow"><div class="wp-block-image">
<figure class="alignleft size-large is-resized"><img loading="lazy" decoding="async" src="https://stolpersteine-mainz.de/wp-content/uploads/2023/02/Protestieren-1024x1024.png" alt="" class="wp-image-3784" width="265" height="265" srcset="https://stolpersteine-mainz.de/wp-content/uploads/2023/02/Protestieren-1024x1024.png 1024w, https://stolpersteine-mainz.de/wp-content/uploads/2023/02/Protestieren-300x300.png 300w, https://stolpersteine-mainz.de/wp-content/uploads/2023/02/Protestieren-150x150.png 150w, https://stolpersteine-mainz.de/wp-content/uploads/2023/02/Protestieren-768x768.png 768w, https://stolpersteine-mainz.de/wp-content/uploads/2023/02/Protestieren.png 1181w" sizes="auto, (max-width: 265px) 100vw, 265px" /><figcaption class="wp-element-caption"><sup>© Inga Kramer, www.ingakramer.de</sup></figcaption></figure>
</div></div>
</div>



<br>



<h5 class="wp-block-heading"><strong>Nazi</strong></h5>



<br>



<p><strong>Nazi </strong>ist die Kurzform von National-Sozialist.<br>Nazis waren Mitglieder in Hitlers Partei.<br>Die Partei hieß NSDAP.<br>Das ist die Abkürzung von<br>National-Sozialistische Deutsche Arbeiter-Partei.<br>Nazis waren fremdenfeindlich.<br>Sie glaubten:<br>Das deutsche Volk ist mehr wert als andere Völker.<br>Nazis waren brutal und menschen-verachtend.</p>



<br>



<h5 class="wp-block-heading"><strong>Schutz-Haft</strong></h5>



<br>



<div class="wp-block-columns is-layout-flex wp-container-core-columns-is-layout-9d6595d7 wp-block-columns-is-layout-flex">
<div class="wp-block-column is-layout-flow wp-block-column-is-layout-flow">
<p>Der Begriff <strong>Schutz-Haft</strong> täuscht.<br>Die Bürger sollten denken:<br>Der Gefangene wird vor sich selbst geschützt.<br>Und die Gesellschaft wird vor dem Gefangenen geschützt.</p>



<p>Politische Gegner wurden verhaftet.<br>Es gab <strong>kein</strong> Urteil von einem Gericht.<br>Die Nazis sagten:<br>Wir wollen die Gefangenen von einer Straftat abhalten.</p>



<p>Die Gefangenen wurden oft gequält und getötet.</p>
</div>



<div class="wp-block-column is-layout-flow wp-block-column-is-layout-flow"><div class="wp-block-image">
<figure class="alignleft size-large is-resized"><img loading="lazy" decoding="async" src="https://stolpersteine-mainz.de/wp-content/uploads/2023/02/Gefaengnis-1-737x1024.png" alt="" class="wp-image-3796" width="217" height="301" srcset="https://stolpersteine-mainz.de/wp-content/uploads/2023/02/Gefaengnis-1-737x1024.png 737w, https://stolpersteine-mainz.de/wp-content/uploads/2023/02/Gefaengnis-1-216x300.png 216w, https://stolpersteine-mainz.de/wp-content/uploads/2023/02/Gefaengnis-1-768x1067.png 768w, https://stolpersteine-mainz.de/wp-content/uploads/2023/02/Gefaengnis-1-108x150.png 108w, https://stolpersteine-mainz.de/wp-content/uploads/2023/02/Gefaengnis-1.png 850w" sizes="auto, (max-width: 217px) 100vw, 217px" /><figcaption class="wp-element-caption"><sup>© Inga Kramer, www.ingakramer.de</sup></figcaption></figure>
</div></div>
</div>



<br>



<h5 class="wp-block-heading"><strong>Todes-Marsch</strong></h5>



<br>



<p>Todes-Marsch heißt:<br>Jemand zwingt eine Gruppe Menschen,<br>sehr weit zu laufen.<br>Dabei sterben viele Menschen.<br>Weil der Marsch anstrengend ist.<br>Und weil es <strong>nicht</strong> genug Essen und Wasser gibt.<br>Oft ist es auch sehr kalt.</p>



<p>Ein Beispiel sind die Todes-Märsche im 2. Weltkrieg.<br>Die Häftlinge mussten von einem Lager in ein anderes laufen.<br>Dabei starben viele Menschen.<br>Der Grund von den Todes-Märschen war:<br>Am Ende vom Krieg kamen die Alliierten.<br>Die <strong>Alliierten</strong> waren die Staaten:</p>



<ul class="wp-block-list">
<li>Großbritannien</li>



<li>USA</li>



<li>Frankreich</li>



<li>Sowjet-Union</li>
</ul>



<p>Die Alliierten befreiten die Gefangenen.<br>Das wollten die Nazis verhindern.<br>Darum schickten sie die Gefangenen in die Mitte von Deutschland.<br>Dort konnten die Nazis die Gefangenen noch ermorden.</p>

<p>Antisemitisch Antisemitisch meint: jemand hasst Juden. Deportieren Deportieren heißt: wegbringen.Man sagt deportieren,wenn Personen gegen ihren Willen weggebracht werden.Zum Bespiel politische Gegner.Oder ganze Volks-Gruppen.Im 2. Weltkrieg wurden viele Menschen deportiert.Sie wurden in Lager gebracht und meistens ermordet. Holocaust Holocaust heißt: Eine große Gruppe Menschen wird ermordet.Holocaust ist ein anderes Wort für&#8230;</p>
<p> <a class="continue-reading-link" href="https://stolpersteine-mainz.de/index.php/leichte-sprache/wichtige-begriffe/"><span>mehr Infos</span><i class="crycon-right-dir"></i></a> </p>
