{"id":34,"date":"2020-02-14T14:52:38","date_gmt":"2020-02-14T13:52:38","guid":{"rendered":"https:\/\/stolpersteine-mainz.de\/?page_id=34"},"modified":"2020-11-01T18:32:39","modified_gmt":"2020-11-01T17:32:39","slug":"der-kuenstler","status":"publish","type":"page","link":"https:\/\/stolpersteine-mainz.de\/index.php\/stolpersteinprojekt\/der-kuenstler\/","title":{"rendered":"Der K\u00fcnstler"},"content":{"rendered":"\n<br>\n\n\n\n<div class=\"wp-block-image is-style-zoooom\"><figure class=\"alignright size-large is-resized\"><img loading=\"lazy\" decoding=\"async\" src=\"https:\/\/stolpersteine-mainz.de\/wp-content\/uploads\/2020\/10\/Gunter_Demnig.png\" alt=\"\" class=\"wp-image-659\" width=\"326\" height=\"434\" srcset=\"https:\/\/stolpersteine-mainz.de\/wp-content\/uploads\/2020\/10\/Gunter_Demnig.png 317w, https:\/\/stolpersteine-mainz.de\/wp-content\/uploads\/2020\/10\/Gunter_Demnig-225x300.png 225w, https:\/\/stolpersteine-mainz.de\/wp-content\/uploads\/2020\/10\/Gunter_Demnig-113x150.png 113w\" sizes=\"auto, (max-width: 326px) 100vw, 326px\" \/><figcaption><br><sub>Gunter Demnig bei der Verlegung von Stolpersteinen in Mainz-Bretzenheim. Foto: Hedwig Br\u00fcchert<\/sub><\/figcaption><\/figure><\/div>\n\n\n\n<p class=\"has-text-align-left\">Gunter Demnig, geboren 1947 in Berlin, ist ein deutscher K\u00fcnstler, der insbesondere durch die Stolpersteine bekannt ist. Er studierte Kunstp\u00e4dagogik, Industrial Design und Freie Kunst in Berlin und Kassel. 1985 er\u00f6ffnete Demnig ein eigenes Atelier in K\u00f6ln, seit 2011 befand sich sein Atelier in Frechen, danach verlegte er es 2017 nach Elbenrod in Hessen.<\/p>\n\n\n\n<p>1990 f\u00fchrte er eine erste Aktion zur Erinnerung an die Deportation von Sinti und Roma aus der Stadt K\u00f6ln im Jahr 1940 durch. Zum 50. Jahrestag der Deportation von 1.000 Sinti und Roma ins Messelager am 6. Mai 1940 zeichnete Gunter Demnig mit einem Schriftspurger\u00e4t die Wege der Deportation nach. 1993 folgte ein erster Entwurf f\u00fcr das Projekt Stolpersteine. Die erste Verlegung fand 1996 in Berlin-Kreuzberg, noch ohne Genehmigung statt. Seit 2000 werden in Deutschland und Europa Stolpersteine verlegt (legalisiert).<\/p>\n\n\n\n<br>\n\n\n\n<p>F\u00fcr sein Projekt Stolpersteine erhielt der K\u00fcnstler zahlreiche Auszeichnungen:<\/p>\n\n\n\n<br>\n\n\n\n<p>2004&nbsp;&nbsp;&nbsp;&nbsp; Max-Brauer-Preis der Alfred Toepfer Stiftung FVS, Hamburg<\/p>\n\n\n\n<p>2004&nbsp;&nbsp;&nbsp;&nbsp; Herbert-Wehner-Medaille der Gewerkschaft ver.di<\/p>\n\n\n\n<p>2005&nbsp;&nbsp;&nbsp;&nbsp; Das Rote Tuch Berlin Charlottenburg-Wilmersdorf; Jugendmedienpreis<\/p>\n\n\n\n<p>2005&nbsp;&nbsp;&nbsp;&nbsp; Received Das Rote Tuch Berlin Charlottenburg-Wilmersdorf; Jugendmedienpreis<\/p>\n\n\n\n<p>2005&nbsp;&nbsp;&nbsp;&nbsp; German Jewish History Award Berlin<\/p>\n\n\n\n<p>2006&nbsp;&nbsp;&nbsp;&nbsp; Bertini-Preis, Hamburg<\/p>\n\n\n\n<p>2006&nbsp;&nbsp;&nbsp;&nbsp; Alternative Ehrenb\u00fcrgerschaft der Stadt K\u00f6ln<\/p>\n\n\n\n<p>2007&nbsp;&nbsp;&nbsp;&nbsp; Giesbert-Lewin-Preis der Stadt K\u00f6ln<\/p>\n\n\n\n<p>2008&nbsp;&nbsp;&nbsp;&nbsp; Botschafter f\u00fcr Demokratie und Toleranz, Berlin<\/p>\n\n\n\n<p>2009&nbsp;&nbsp;&nbsp;&nbsp; Josef-Neuberger-Medaille der J\u00fcdischen Gemeinde D\u00fcsseldorf<\/p>\n\n\n\n<p>2009&nbsp;&nbsp;&nbsp;&nbsp; Erich-M\u00fchsam-Preis der Stadt L\u00fcbeck<\/p>\n\n\n\n<p>2010&nbsp;&nbsp;&nbsp;&nbsp; Rheinlandtaler in K\u00f6ln<\/p>\n\n\n\n<p>2011&nbsp;&nbsp;&nbsp;&nbsp; Otto-Hirsch-Medaille der Stadt Stuttgart<\/p>\n\n\n\n<br>\n\n\n\n<p><a href=\"http:\/\/www.stolpersteine.eu\/start\/\" data-type=\"URL\" data-id=\"http:\/\/www.stolpersteine.eu\/start\/\">Hier<\/a> gelangen Sie zur Homepage des K\u00fcnstlers Gunter Demnig.<\/p>\n","protected":false},"excerpt":{"rendered":"<p>Gunter Demnig, geboren 1947 in Berlin, ist ein deutscher K\u00fcnstler, der insbesondere durch die Stolpersteine bekannt ist. Er studierte Kunstp\u00e4dagogik, Industrial Design und Freie Kunst in Berlin und Kassel. 1985 er\u00f6ffnete Demnig ein eigenes Atelier in K\u00f6ln, seit 2011 befand sich sein Atelier in Frechen, danach verlegte er es 2017&#8230;<\/p>\n<p> <a class=\"continue-reading-link\" href=\"https:\/\/stolpersteine-mainz.de\/index.php\/stolpersteinprojekt\/der-kuenstler\/\"><span>mehr Infos<\/span><i class=\"crycon-right-dir\"><\/i><\/a> <\/p>\n","protected":false},"author":1,"featured_media":0,"parent":7,"menu_order":0,"comment_status":"closed","ping_status":"closed","template":"templates\/template-onecolumn.php","meta":{"ngg_post_thumbnail":0,"footnotes":""},"class_list":["post-34","page","type-page","status-publish","hentry"],"_links":{"self":[{"href":"https:\/\/stolpersteine-mainz.de\/index.php\/wp-json\/wp\/v2\/pages\/34","targetHints":{"allow":["GET"]}}],"collection":[{"href":"https:\/\/stolpersteine-mainz.de\/index.php\/wp-json\/wp\/v2\/pages"}],"about":[{"href":"https:\/\/stolpersteine-mainz.de\/index.php\/wp-json\/wp\/v2\/types\/page"}],"author":[{"embeddable":true,"href":"https:\/\/stolpersteine-mainz.de\/index.php\/wp-json\/wp\/v2\/users\/1"}],"replies":[{"embeddable":true,"href":"https:\/\/stolpersteine-mainz.de\/index.php\/wp-json\/wp\/v2\/comments?post=34"}],"version-history":[{"count":9,"href":"https:\/\/stolpersteine-mainz.de\/index.php\/wp-json\/wp\/v2\/pages\/34\/revisions"}],"predecessor-version":[{"id":1276,"href":"https:\/\/stolpersteine-mainz.de\/index.php\/wp-json\/wp\/v2\/pages\/34\/revisions\/1276"}],"up":[{"embeddable":true,"href":"https:\/\/stolpersteine-mainz.de\/index.php\/wp-json\/wp\/v2\/pages\/7"}],"wp:attachment":[{"href":"https:\/\/stolpersteine-mainz.de\/index.php\/wp-json\/wp\/v2\/media?parent=34"}],"curies":[{"name":"wp","href":"https:\/\/api.w.org\/{rel}","templated":true}]}}

Der Künstler

<br>



<div class="wp-block-image is-style-zoooom"><figure class="alignright size-large is-resized"><img loading="lazy" decoding="async" src="https://stolpersteine-mainz.de/wp-content/uploads/2020/10/Gunter_Demnig.png" alt="" class="wp-image-659" width="326" height="434" srcset="https://stolpersteine-mainz.de/wp-content/uploads/2020/10/Gunter_Demnig.png 317w, https://stolpersteine-mainz.de/wp-content/uploads/2020/10/Gunter_Demnig-225x300.png 225w, https://stolpersteine-mainz.de/wp-content/uploads/2020/10/Gunter_Demnig-113x150.png 113w" sizes="auto, (max-width: 326px) 100vw, 326px" /><figcaption><br><sub>Gunter Demnig bei der Verlegung von Stolpersteinen in Mainz-Bretzenheim. Foto: Hedwig Brüchert</sub></figcaption></figure></div>



<p class="has-text-align-left">Gunter Demnig, geboren 1947 in Berlin, ist ein deutscher Künstler, der insbesondere durch die Stolpersteine bekannt ist. Er studierte Kunstpädagogik, Industrial Design und Freie Kunst in Berlin und Kassel. 1985 eröffnete Demnig ein eigenes Atelier in Köln, seit 2011 befand sich sein Atelier in Frechen, danach verlegte er es 2017 nach Elbenrod in Hessen.</p>



<p>1990 führte er eine erste Aktion zur Erinnerung an die Deportation von Sinti und Roma aus der Stadt Köln im Jahr 1940 durch. Zum 50. Jahrestag der Deportation von 1.000 Sinti und Roma ins Messelager am 6. Mai 1940 zeichnete Gunter Demnig mit einem Schriftspurgerät die Wege der Deportation nach. 1993 folgte ein erster Entwurf für das Projekt Stolpersteine. Die erste Verlegung fand 1996 in Berlin-Kreuzberg, noch ohne Genehmigung statt. Seit 2000 werden in Deutschland und Europa Stolpersteine verlegt (legalisiert).</p>



<br>



<p>Für sein Projekt Stolpersteine erhielt der Künstler zahlreiche Auszeichnungen:</p>



<br>



<p>2004&nbsp;&nbsp;&nbsp;&nbsp; Max-Brauer-Preis der Alfred Toepfer Stiftung FVS, Hamburg</p>



<p>2004&nbsp;&nbsp;&nbsp;&nbsp; Herbert-Wehner-Medaille der Gewerkschaft ver.di</p>



<p>2005&nbsp;&nbsp;&nbsp;&nbsp; Das Rote Tuch Berlin Charlottenburg-Wilmersdorf; Jugendmedienpreis</p>



<p>2005&nbsp;&nbsp;&nbsp;&nbsp; Received Das Rote Tuch Berlin Charlottenburg-Wilmersdorf; Jugendmedienpreis</p>



<p>2005&nbsp;&nbsp;&nbsp;&nbsp; German Jewish History Award Berlin</p>



<p>2006&nbsp;&nbsp;&nbsp;&nbsp; Bertini-Preis, Hamburg</p>



<p>2006&nbsp;&nbsp;&nbsp;&nbsp; Alternative Ehrenbürgerschaft der Stadt Köln</p>



<p>2007&nbsp;&nbsp;&nbsp;&nbsp; Giesbert-Lewin-Preis der Stadt Köln</p>



<p>2008&nbsp;&nbsp;&nbsp;&nbsp; Botschafter für Demokratie und Toleranz, Berlin</p>



<p>2009&nbsp;&nbsp;&nbsp;&nbsp; Josef-Neuberger-Medaille der Jüdischen Gemeinde Düsseldorf</p>



<p>2009&nbsp;&nbsp;&nbsp;&nbsp; Erich-Mühsam-Preis der Stadt Lübeck</p>



<p>2010&nbsp;&nbsp;&nbsp;&nbsp; Rheinlandtaler in Köln</p>



<p>2011&nbsp;&nbsp;&nbsp;&nbsp; Otto-Hirsch-Medaille der Stadt Stuttgart</p>



<br>



<p><a href="http://www.stolpersteine.eu/start/" data-type="URL" data-id="http://www.stolpersteine.eu/start/">Hier</a> gelangen Sie zur Homepage des Künstlers Gunter Demnig.</p>

<p>Gunter Demnig, geboren 1947 in Berlin, ist ein deutscher Künstler, der insbesondere durch die Stolpersteine bekannt ist. Er studierte Kunstpädagogik, Industrial Design und Freie Kunst in Berlin und Kassel. 1985 eröffnete Demnig ein eigenes Atelier in Köln, seit 2011 befand sich sein Atelier in Frechen, danach verlegte er es 2017&#8230;</p>
<p> <a class="continue-reading-link" href="https://stolpersteine-mainz.de/index.php/stolpersteinprojekt/der-kuenstler/"><span>mehr Infos</span><i class="crycon-right-dir"></i></a> </p>
