{"id":100,"date":"2020-07-11T15:15:36","date_gmt":"2020-07-11T13:15:36","guid":{"rendered":"https:\/\/stolpersteine-mainz.de\/?page_id=100"},"modified":"2020-10-26T16:17:17","modified_gmt":"2020-10-26T15:17:17","slug":"verzeichnis","status":"publish","type":"page","link":"https:\/\/stolpersteine-mainz.de\/index.php\/stolpersteine-in-mainz\/verzeichnis\/","title":{"rendered":"Verzeichnis"},"content":{"rendered":"\n<br>\n\n\n\n<p>Sie haben die M\u00f6glichkeit \u00fcber das Gesamtverzeichnis oder direkt \u00fcber die Stadtteile nach bestimmten in Mainz verlegten Stolpersteinen zu suchen.<\/p>\n\n\n\n<p><a href=\"https:\/\/stolpersteine-mainz.de\/index.php\/stolpersteine-in-mainz\/verzeichnis\/tabelle\/\" data-type=\"URL\" data-id=\"https:\/\/stolpersteine-mainz.de\/index.php\/stolpersteine-in-mainz\/verzeichnis\/tabelle\/\">Hier<\/a> finden Sie eine \u00dcbersicht \u00fcber alle verlegten Stolpersteine in Mainz, sortierbar nach Vorname, Nachname, Jahrgang, Deportationsdatum, Verlegedatum oder dem Verlegeort. <\/p>\n\n\n\n<p>Einen \u00dcberblick \u00fcber die verlegten Stolpersteine sortiert nach den Mainzer Stadtteilen k\u00f6nnen Sie <a href=\"https:\/\/stolpersteine-mainz.de\/index.php\/stadtteile\/\" data-type=\"URL\" data-id=\"https:\/\/stolpersteine-mainz.de\/index.php\/stadtteile\/\">hier<\/a> finden.<\/p>\n\n\n\n<p><\/p>\n","protected":false},"excerpt":{"rendered":"<p>Sie haben die M\u00f6glichkeit \u00fcber das Gesamtverzeichnis oder direkt \u00fcber die Stadtteile nach bestimmten in Mainz verlegten Stolpersteinen zu suchen. Hier finden Sie eine \u00dcbersicht \u00fcber alle verlegten Stolpersteine in Mainz, sortierbar nach Vorname, Nachname, Jahrgang, Deportationsdatum, Verlegedatum oder dem Verlegeort. Einen \u00dcberblick \u00fcber die verlegten Stolpersteine sortiert nach den&#8230;<\/p>\n<p> <a class=\"continue-reading-link\" href=\"https:\/\/stolpersteine-mainz.de\/index.php\/stolpersteine-in-mainz\/verzeichnis\/\"><span>mehr Infos<\/span><i class=\"crycon-right-dir\"><\/i><\/a> <\/p>\n","protected":false},"author":1,"featured_media":0,"parent":5,"menu_order":0,"comment_status":"closed","ping_status":"closed","template":"","meta":{"ngg_post_thumbnail":0,"footnotes":""},"class_list":["post-100","page","type-page","status-publish","hentry"],"_links":{"self":[{"href":"https:\/\/stolpersteine-mainz.de\/index.php\/wp-json\/wp\/v2\/pages\/100","targetHints":{"allow":["GET"]}}],"collection":[{"href":"https:\/\/stolpersteine-mainz.de\/index.php\/wp-json\/wp\/v2\/pages"}],"about":[{"href":"https:\/\/stolpersteine-mainz.de\/index.php\/wp-json\/wp\/v2\/types\/page"}],"author":[{"embeddable":true,"href":"https:\/\/stolpersteine-mainz.de\/index.php\/wp-json\/wp\/v2\/users\/1"}],"replies":[{"embeddable":true,"href":"https:\/\/stolpersteine-mainz.de\/index.php\/wp-json\/wp\/v2\/comments?post=100"}],"version-history":[{"count":6,"href":"https:\/\/stolpersteine-mainz.de\/index.php\/wp-json\/wp\/v2\/pages\/100\/revisions"}],"predecessor-version":[{"id":771,"href":"https:\/\/stolpersteine-mainz.de\/index.php\/wp-json\/wp\/v2\/pages\/100\/revisions\/771"}],"up":[{"embeddable":true,"href":"https:\/\/stolpersteine-mainz.de\/index.php\/wp-json\/wp\/v2\/pages\/5"}],"wp:attachment":[{"href":"https:\/\/stolpersteine-mainz.de\/index.php\/wp-json\/wp\/v2\/media?parent=100"}],"curies":[{"name":"wp","href":"https:\/\/api.w.org\/{rel}","templated":true}]}}